{"id":86973,"date":"2025-11-12T02:07:02","date_gmt":"2025-11-12T01:07:02","guid":{"rendered":"https:\/\/www.ernstbrunn-apotheke.at\/katalog\/produkt\/opc-resveratrol-kapseln-3\/"},"modified":"2025-12-08T19:59:08","modified_gmt":"2025-12-08T18:59:08","slug":"opc-resveratrol-kapseln-3","status":"publish","type":"product","link":"https:\/\/www.ernstbrunn-apotheke.at\/katalog\/produkt\/opc-resveratrol-kapseln-3\/","title":{"rendered":"OPC + Resveratrol Kapseln"},"content":{"rendered":"<p>OPC + Resveratrol GPH Kapseln beinhalten mindestens 230 mg OPC und 10 mg Resveratrol in einer Hartgelatinekapsel, die aufgrund der antioxidativen Eigenschaften nat\u00fcrliche Anti-Aging Faktoren sind. Auch werden viele wichtige Bereiche im K\u00f6rper, wie Gef\u00e4\u00dfe, Immunsystem und Zellschutz positiv beeinflusst. So k\u00f6nnen Arterienverkalkung und Herzinfarkt vorgebeugt und das Immunsystem gest\u00e4rkt werden. erhalten Sie dieses Produkt in Packungen zu 30, 60 und 120 St\u00fcck.<\/p>\n","protected":false},"excerpt":{"rendered":"<p>OPC + Resveratrol GPH Kapseln beinhalten mindestens 230 mg OPC und 10 mg Resveratrol in einer Hartgelatinekapsel, die aufgrund der antioxidativen Eigenschaften nat\u00fcrliche Anti-Aging Faktoren sind. Auch werden viele wichtige Bereiche im K\u00f6rper, wie Gef\u00e4\u00dfe, Immunsystem und Zellschutz positiv beeinflusst. So k\u00f6nnen Arterienverkalkung und Herzinfarkt vorgebeugt und das Immunsystem gest\u00e4rkt werden. erhalten Sie dieses Produkt [&hellip;]<\/p>\n","protected":false},"featured_media":86975,"template":"","meta":{"_acf_changed":false},"product_brand":[371],"product_cat":[819],"product_tag":[],"class_list":{"0":"post-86973","1":"product","2":"type-product","3":"status-publish","4":"has-post-thumbnail","6":"product_brand-gall-pharma","7":"product_cat-o","8":"pa_packungsgroesse-120-stueck","10":"first","11":"instock","12":"shipping-taxable","13":"purchasable","14":"product-type-simple"},"acf":[],"_links":{"self":[{"href":"https:\/\/www.ernstbrunn-apotheke.at\/katalog\/wp-json\/wp\/v2\/product\/86973","targetHints":{"allow":["GET"]}}],"collection":[{"href":"https:\/\/www.ernstbrunn-apotheke.at\/katalog\/wp-json\/wp\/v2\/product"}],"about":[{"href":"https:\/\/www.ernstbrunn-apotheke.at\/katalog\/wp-json\/wp\/v2\/types\/product"}],"wp:featuredmedia":[{"embeddable":true,"href":"https:\/\/www.ernstbrunn-apotheke.at\/katalog\/wp-json\/wp\/v2\/media\/86975"}],"wp:attachment":[{"href":"https:\/\/www.ernstbrunn-apotheke.at\/katalog\/wp-json\/wp\/v2\/media?parent=86973"}],"wp:term":[{"taxonomy":"product_brand","embeddable":true,"href":"https:\/\/www.ernstbrunn-apotheke.at\/katalog\/wp-json\/wp\/v2\/product_brand?post=86973"},{"taxonomy":"product_cat","embeddable":true,"href":"https:\/\/www.ernstbrunn-apotheke.at\/katalog\/wp-json\/wp\/v2\/product_cat?post=86973"},{"taxonomy":"product_tag","embeddable":true,"href":"https:\/\/www.ernstbrunn-apotheke.at\/katalog\/wp-json\/wp\/v2\/product_tag?post=86973"}],"curies":[{"name":"wp","href":"https:\/\/api.w.org\/{rel}","templated":true}]}}