{"id":86851,"date":"2025-11-12T02:04:49","date_gmt":"2025-11-12T01:04:49","guid":{"rendered":"https:\/\/www.ernstbrunn-apotheke.at\/katalog\/produkt\/australische-buschblueten-essenzen-15-ml-she-oak\/"},"modified":"2025-12-08T19:58:09","modified_gmt":"2025-12-08T18:58:09","slug":"australische-buschblueten-essenzen-15-ml-she-oak","status":"publish","type":"product","link":"https:\/\/www.ernstbrunn-apotheke.at\/katalog\/produkt\/australische-buschblueten-essenzen-15-ml-she-oak\/","title":{"rendered":"Australische Buschbl\u00fcten Essenzen 15 ml She Oak"},"content":{"rendered":"<p>Australische Buschbl\u00fcten Essenz She Oak sorgt f\u00fcr die Wiederherstellung des femininen Gleichgewichts und unterst\u00fctzt Frauen, die mit ihrer Unfruchtbarkeit nur schwer klar kommen. Ein weiteres Einsatzgebiet findet She Oak bei Kinderwunsch, indem die Essenz Blockaden aufhebt.<\/p>\n","protected":false},"excerpt":{"rendered":"<p>Australische Buschbl\u00fcten Essenz She Oak sorgt f\u00fcr die Wiederherstellung des femininen Gleichgewichts und unterst\u00fctzt Frauen, die mit ihrer Unfruchtbarkeit nur schwer klar kommen. Ein weiteres Einsatzgebiet findet She Oak bei Kinderwunsch, indem die Essenz Blockaden aufhebt.<\/p>\n","protected":false},"featured_media":0,"template":"","meta":{"_acf_changed":false},"product_brand":[930],"product_cat":[801],"product_tag":[],"class_list":{"0":"post-86851","1":"product","2":"type-product","3":"status-publish","5":"product_brand-australische-buschblueten","6":"product_cat-a","7":"pa_packungsgroesse-15ml","9":"first","10":"instock","11":"shipping-taxable","12":"purchasable","13":"product-type-simple"},"acf":[],"_links":{"self":[{"href":"https:\/\/www.ernstbrunn-apotheke.at\/katalog\/wp-json\/wp\/v2\/product\/86851","targetHints":{"allow":["GET"]}}],"collection":[{"href":"https:\/\/www.ernstbrunn-apotheke.at\/katalog\/wp-json\/wp\/v2\/product"}],"about":[{"href":"https:\/\/www.ernstbrunn-apotheke.at\/katalog\/wp-json\/wp\/v2\/types\/product"}],"wp:attachment":[{"href":"https:\/\/www.ernstbrunn-apotheke.at\/katalog\/wp-json\/wp\/v2\/media?parent=86851"}],"wp:term":[{"taxonomy":"product_brand","embeddable":true,"href":"https:\/\/www.ernstbrunn-apotheke.at\/katalog\/wp-json\/wp\/v2\/product_brand?post=86851"},{"taxonomy":"product_cat","embeddable":true,"href":"https:\/\/www.ernstbrunn-apotheke.at\/katalog\/wp-json\/wp\/v2\/product_cat?post=86851"},{"taxonomy":"product_tag","embeddable":true,"href":"https:\/\/www.ernstbrunn-apotheke.at\/katalog\/wp-json\/wp\/v2\/product_tag?post=86851"}],"curies":[{"name":"wp","href":"https:\/\/api.w.org\/{rel}","templated":true}]}}