{"id":86482,"date":"2025-11-12T01:57:12","date_gmt":"2025-11-12T00:57:12","guid":{"rendered":"https:\/\/www.ernstbrunn-apotheke.at\/katalog\/produkt\/sonnentor-aetherisches-oel-energie-10-ml\/"},"modified":"2025-12-08T19:55:27","modified_gmt":"2025-12-08T18:55:27","slug":"sonnentor-aetherisches-oel-energie-10-ml","status":"publish","type":"product","link":"https:\/\/www.ernstbrunn-apotheke.at\/katalog\/produkt\/sonnentor-aetherisches-oel-energie-10-ml\/","title":{"rendered":"Sonnentor \u00c4therisches \u00d6l Energie 10 ml"},"content":{"rendered":"<p>Das Sonnentor Energie-\u00d6l \u00e4therische \u00d6l Hildegard harmonisiert bei Konzentrationsmangel und macht einen m\u00fcden Kopf wieder munter, ganz ohne k\u00fcnstliche Zus\u00e4tze. Die Komposition aus frischer Zitrone, edler Bergamotte, Eukalyptus und Wacholder l\u00e4sst sich auch sehr vielf\u00e4ltig einsetzen: Sie verzaubert in der Duftlampe und in der Sauna oder eignet sich auch hervorragend zum Mischen von K\u00f6rper\u00f6len. Nicht zur Einnahme bestimmt!.<\/p>\n","protected":false},"excerpt":{"rendered":"<p>Das Sonnentor Energie-\u00d6l \u00e4therische \u00d6l Hildegard harmonisiert bei Konzentrationsmangel und macht einen m\u00fcden Kopf wieder munter, ganz ohne k\u00fcnstliche Zus\u00e4tze. Die Komposition aus frischer Zitrone, edler Bergamotte, Eukalyptus und Wacholder l\u00e4sst sich auch sehr vielf\u00e4ltig einsetzen: Sie verzaubert in der Duftlampe und in der Sauna oder eignet sich auch hervorragend zum Mischen von K\u00f6rper\u00f6len. Nicht [&hellip;]<\/p>\n","protected":false},"featured_media":86484,"template":"","meta":{"_acf_changed":false},"product_brand":[925],"product_cat":[791],"product_tag":[],"class_list":{"0":"post-86482","1":"product","2":"type-product","3":"status-publish","4":"has-post-thumbnail","6":"product_brand-sonnentor","7":"product_cat-s","8":"pa_packungsgroesse-10ml","10":"first","11":"instock","12":"shipping-taxable","13":"purchasable","14":"product-type-simple"},"acf":[],"_links":{"self":[{"href":"https:\/\/www.ernstbrunn-apotheke.at\/katalog\/wp-json\/wp\/v2\/product\/86482","targetHints":{"allow":["GET"]}}],"collection":[{"href":"https:\/\/www.ernstbrunn-apotheke.at\/katalog\/wp-json\/wp\/v2\/product"}],"about":[{"href":"https:\/\/www.ernstbrunn-apotheke.at\/katalog\/wp-json\/wp\/v2\/types\/product"}],"wp:featuredmedia":[{"embeddable":true,"href":"https:\/\/www.ernstbrunn-apotheke.at\/katalog\/wp-json\/wp\/v2\/media\/86484"}],"wp:attachment":[{"href":"https:\/\/www.ernstbrunn-apotheke.at\/katalog\/wp-json\/wp\/v2\/media?parent=86482"}],"wp:term":[{"taxonomy":"product_brand","embeddable":true,"href":"https:\/\/www.ernstbrunn-apotheke.at\/katalog\/wp-json\/wp\/v2\/product_brand?post=86482"},{"taxonomy":"product_cat","embeddable":true,"href":"https:\/\/www.ernstbrunn-apotheke.at\/katalog\/wp-json\/wp\/v2\/product_cat?post=86482"},{"taxonomy":"product_tag","embeddable":true,"href":"https:\/\/www.ernstbrunn-apotheke.at\/katalog\/wp-json\/wp\/v2\/product_tag?post=86482"}],"curies":[{"name":"wp","href":"https:\/\/api.w.org\/{rel}","templated":true}]}}