{"id":86468,"date":"2025-11-12T01:57:03","date_gmt":"2025-11-12T00:57:03","guid":{"rendered":"https:\/\/www.ernstbrunn-apotheke.at\/katalog\/produkt\/kalifornische-bluetenessenz-bleeding-75-ml\/"},"modified":"2025-12-08T19:55:21","modified_gmt":"2025-12-08T18:55:21","slug":"kalifornische-bluetenessenz-bleeding-75-ml","status":"publish","type":"product","link":"https:\/\/www.ernstbrunn-apotheke.at\/katalog\/produkt\/kalifornische-bluetenessenz-bleeding-75-ml\/","title":{"rendered":"Kalifornische Bl\u00fctenessenz Bleeding 7,5 ml"},"content":{"rendered":"<p>Kalifornische Bl\u00fctenessenzen Bleeding Heart hilft dabei, sich von zu starken emotionalen Bindungen befreien. Bleeding Heart Essenz unterst\u00fctzt Menschen, die sich aus Angst vor Verlust an andere klammern, die sich emotional abh\u00e4ngig gemacht haben. Innere Sicherheit und Stabilit\u00e4t wachsen, so dass sie in Beziehungen freier und eigenst\u00e4ndiger agieren k\u00f6nnen.<\/p>\n","protected":false},"excerpt":{"rendered":"<p>Kalifornische Bl\u00fctenessenzen Bleeding Heart hilft dabei, sich von zu starken emotionalen Bindungen befreien. Bleeding Heart Essenz unterst\u00fctzt Menschen, die sich aus Angst vor Verlust an andere klammern, die sich emotional abh\u00e4ngig gemacht haben. Innere Sicherheit und Stabilit\u00e4t wachsen, so dass sie in Beziehungen freier und eigenst\u00e4ndiger agieren k\u00f6nnen.<\/p>\n","protected":false},"featured_media":0,"template":"","meta":{"_acf_changed":false},"product_brand":[],"product_cat":[807],"product_tag":[],"class_list":{"0":"post-86468","1":"product","2":"type-product","3":"status-publish","5":"product_cat-k","6":"pa_packungsgroesse-7ml","8":"first","9":"instock","10":"shipping-taxable","11":"purchasable","12":"product-type-simple"},"acf":[],"_links":{"self":[{"href":"https:\/\/www.ernstbrunn-apotheke.at\/katalog\/wp-json\/wp\/v2\/product\/86468","targetHints":{"allow":["GET"]}}],"collection":[{"href":"https:\/\/www.ernstbrunn-apotheke.at\/katalog\/wp-json\/wp\/v2\/product"}],"about":[{"href":"https:\/\/www.ernstbrunn-apotheke.at\/katalog\/wp-json\/wp\/v2\/types\/product"}],"wp:attachment":[{"href":"https:\/\/www.ernstbrunn-apotheke.at\/katalog\/wp-json\/wp\/v2\/media?parent=86468"}],"wp:term":[{"taxonomy":"product_brand","embeddable":true,"href":"https:\/\/www.ernstbrunn-apotheke.at\/katalog\/wp-json\/wp\/v2\/product_brand?post=86468"},{"taxonomy":"product_cat","embeddable":true,"href":"https:\/\/www.ernstbrunn-apotheke.at\/katalog\/wp-json\/wp\/v2\/product_cat?post=86468"},{"taxonomy":"product_tag","embeddable":true,"href":"https:\/\/www.ernstbrunn-apotheke.at\/katalog\/wp-json\/wp\/v2\/product_tag?post=86468"}],"curies":[{"name":"wp","href":"https:\/\/api.w.org\/{rel}","templated":true}]}}