{"id":86291,"date":"2025-11-12T01:53:47","date_gmt":"2025-11-12T00:53:47","guid":{"rendered":"https:\/\/www.ernstbrunn-apotheke.at\/katalog\/produkt\/vogelknoeterich-tropfen-gph-50-ml\/"},"modified":"2025-12-08T19:54:00","modified_gmt":"2025-12-08T18:54:00","slug":"vogelknoeterich-tropfen-gph-50-ml","status":"publish","type":"product","link":"https:\/\/www.ernstbrunn-apotheke.at\/katalog\/produkt\/vogelknoeterich-tropfen-gph-50-ml\/","title":{"rendered":"Vogelkn\u00f6terich Tropfen GPH 50 ml"},"content":{"rendered":"<p>Seit vielen Jahren besch\u00e4ftigt sich Gall Reidlinger mit einem sehr engagierten Team mit der Technologie und Herstellung qualitativ hochwertiger Nahrungserg\u00e4nzungsmittel. Das Unternehmen Gall Pharma, mit Sitz in Judenburg, kann auf eine langj\u00e4hrige Erfahrung im Apothekerwesen zur\u00fcckgreifen  jetzt mit hohem Rabatt bestellen!<\/p>\n","protected":false},"excerpt":{"rendered":"<p>Seit vielen Jahren besch\u00e4ftigt sich Gall Reidlinger mit einem sehr engagierten Team mit der Technologie und Herstellung qualitativ hochwertiger Nahrungserg\u00e4nzungsmittel. Das Unternehmen Gall Pharma, mit Sitz in Judenburg, kann auf eine langj\u00e4hrige Erfahrung im Apothekerwesen zur\u00fcckgreifen jetzt mit hohem Rabatt bestellen!<\/p>\n","protected":false},"featured_media":0,"template":"","meta":{"_acf_changed":false},"product_brand":[],"product_cat":[799],"product_tag":[],"class_list":{"0":"post-86291","1":"product","2":"type-product","3":"status-publish","5":"product_cat-v","6":"pa_packungsgroesse-50ml","8":"first","9":"instock","10":"shipping-taxable","11":"purchasable","12":"product-type-simple"},"acf":[],"_links":{"self":[{"href":"https:\/\/www.ernstbrunn-apotheke.at\/katalog\/wp-json\/wp\/v2\/product\/86291","targetHints":{"allow":["GET"]}}],"collection":[{"href":"https:\/\/www.ernstbrunn-apotheke.at\/katalog\/wp-json\/wp\/v2\/product"}],"about":[{"href":"https:\/\/www.ernstbrunn-apotheke.at\/katalog\/wp-json\/wp\/v2\/types\/product"}],"wp:attachment":[{"href":"https:\/\/www.ernstbrunn-apotheke.at\/katalog\/wp-json\/wp\/v2\/media?parent=86291"}],"wp:term":[{"taxonomy":"product_brand","embeddable":true,"href":"https:\/\/www.ernstbrunn-apotheke.at\/katalog\/wp-json\/wp\/v2\/product_brand?post=86291"},{"taxonomy":"product_cat","embeddable":true,"href":"https:\/\/www.ernstbrunn-apotheke.at\/katalog\/wp-json\/wp\/v2\/product_cat?post=86291"},{"taxonomy":"product_tag","embeddable":true,"href":"https:\/\/www.ernstbrunn-apotheke.at\/katalog\/wp-json\/wp\/v2\/product_tag?post=86291"}],"curies":[{"name":"wp","href":"https:\/\/api.w.org\/{rel}","templated":true}]}}