{"id":8628,"date":"2025-11-07T13:45:08","date_gmt":"2025-11-07T12:45:08","guid":{"rendered":"https:\/\/www.ernstbrunn-apotheke.at\/katalog\/produkt\/hyabak-kapseln\/"},"modified":"2025-12-08T13:26:01","modified_gmt":"2025-12-08T12:26:01","slug":"hyabak-kapseln","status":"publish","type":"product","link":"https:\/\/www.ernstbrunn-apotheke.at\/katalog\/produkt\/hyabak-kapseln\/","title":{"rendered":"Hyabak Kapseln"},"content":{"rendered":"<p>HYABAK CAPS ist eine Nahrungserg\u00e4nzung, welche die essentiellen Fetts\u00e4uren Omega 3 und Omega 6, antioxidative* Vitamine und Oligo-Elemente f\u00fcr die Augen enth\u00e4lt. Zink tr\u00e4gt zur Erhaltung der normalen Sehfunktion bei.<\/p>\n","protected":false},"excerpt":{"rendered":"<p>HYABAK CAPS ist eine Nahrungserg\u00e4nzung, welche die essentiellen Fetts\u00e4uren Omega 3 und Omega 6, antioxidative* Vitamine und Oligo-Elemente f\u00fcr die Augen enth\u00e4lt. Zink tr\u00e4gt zur Erhaltung der normalen Sehfunktion bei.<\/p>\n","protected":false},"featured_media":8630,"template":"","meta":{"_acf_changed":false},"product_brand":[],"product_cat":[805],"product_tag":[],"class_list":{"0":"post-8628","1":"product","2":"type-product","3":"status-publish","4":"has-post-thumbnail","6":"product_cat-h","7":"pa_packungsgroesse-60-stueck","9":"first","10":"instock","11":"shipping-taxable","12":"purchasable","13":"product-type-simple"},"acf":[],"_links":{"self":[{"href":"https:\/\/www.ernstbrunn-apotheke.at\/katalog\/wp-json\/wp\/v2\/product\/8628","targetHints":{"allow":["GET"]}}],"collection":[{"href":"https:\/\/www.ernstbrunn-apotheke.at\/katalog\/wp-json\/wp\/v2\/product"}],"about":[{"href":"https:\/\/www.ernstbrunn-apotheke.at\/katalog\/wp-json\/wp\/v2\/types\/product"}],"wp:featuredmedia":[{"embeddable":true,"href":"https:\/\/www.ernstbrunn-apotheke.at\/katalog\/wp-json\/wp\/v2\/media\/8630"}],"wp:attachment":[{"href":"https:\/\/www.ernstbrunn-apotheke.at\/katalog\/wp-json\/wp\/v2\/media?parent=8628"}],"wp:term":[{"taxonomy":"product_brand","embeddable":true,"href":"https:\/\/www.ernstbrunn-apotheke.at\/katalog\/wp-json\/wp\/v2\/product_brand?post=8628"},{"taxonomy":"product_cat","embeddable":true,"href":"https:\/\/www.ernstbrunn-apotheke.at\/katalog\/wp-json\/wp\/v2\/product_cat?post=8628"},{"taxonomy":"product_tag","embeddable":true,"href":"https:\/\/www.ernstbrunn-apotheke.at\/katalog\/wp-json\/wp\/v2\/product_tag?post=8628"}],"curies":[{"name":"wp","href":"https:\/\/api.w.org\/{rel}","templated":true}]}}