{"id":86266,"date":"2025-11-12T01:53:20","date_gmt":"2025-11-12T00:53:20","guid":{"rendered":"https:\/\/www.ernstbrunn-apotheke.at\/katalog\/produkt\/adler-bachblueten-set-mit-40-flaschen-10-ml-im-karton-1-pkg\/"},"modified":"2025-12-08T19:53:49","modified_gmt":"2025-12-08T18:53:49","slug":"adler-bachblueten-set-mit-40-flaschen-10-ml-im-karton-1-pkg","status":"publish","type":"product","link":"https:\/\/www.ernstbrunn-apotheke.at\/katalog\/produkt\/adler-bachblueten-set-mit-40-flaschen-10-ml-im-karton-1-pkg\/","title":{"rendered":"Adler Bachbl\u00fcten Set mit 40 Flaschen (10 ml) im Karton 1 Pkg."},"content":{"rendered":"<p>Adler Bachbl\u00fcten Set mit 40 Flaschen (10 ml) im Karton 1 Pkg. ist eine Sammlung aller 38 Bachbl\u00fctenessenzen in der 10 ml Variante mit zus\u00e4tzlich zwei Flaschen 5 flower\u00ae Tropfen zu je 10 ml, der klassischen Bachbl\u00fctenkombination<\/p>\n","protected":false},"excerpt":{"rendered":"<p>Adler Bachbl\u00fcten Set mit 40 Flaschen (10 ml) im Karton 1 Pkg. ist eine Sammlung aller 38 Bachbl\u00fctenessenzen in der 10 ml Variante mit zus\u00e4tzlich zwei Flaschen 5 flower\u00ae Tropfen zu je 10 ml, der klassischen Bachbl\u00fctenkombination<\/p>\n","protected":false},"featured_media":86268,"template":"","meta":{"_acf_changed":false},"product_brand":[928],"product_cat":[801],"product_tag":[],"class_list":{"0":"post-86266","1":"product","2":"type-product","3":"status-publish","4":"has-post-thumbnail","6":"product_brand-adler-pharma","7":"product_cat-a","8":"pa_packungsgroesse-40-stueck","10":"first","11":"instock","12":"shipping-taxable","13":"purchasable","14":"product-type-simple"},"acf":[],"_links":{"self":[{"href":"https:\/\/www.ernstbrunn-apotheke.at\/katalog\/wp-json\/wp\/v2\/product\/86266","targetHints":{"allow":["GET"]}}],"collection":[{"href":"https:\/\/www.ernstbrunn-apotheke.at\/katalog\/wp-json\/wp\/v2\/product"}],"about":[{"href":"https:\/\/www.ernstbrunn-apotheke.at\/katalog\/wp-json\/wp\/v2\/types\/product"}],"wp:featuredmedia":[{"embeddable":true,"href":"https:\/\/www.ernstbrunn-apotheke.at\/katalog\/wp-json\/wp\/v2\/media\/86268"}],"wp:attachment":[{"href":"https:\/\/www.ernstbrunn-apotheke.at\/katalog\/wp-json\/wp\/v2\/media?parent=86266"}],"wp:term":[{"taxonomy":"product_brand","embeddable":true,"href":"https:\/\/www.ernstbrunn-apotheke.at\/katalog\/wp-json\/wp\/v2\/product_brand?post=86266"},{"taxonomy":"product_cat","embeddable":true,"href":"https:\/\/www.ernstbrunn-apotheke.at\/katalog\/wp-json\/wp\/v2\/product_cat?post=86266"},{"taxonomy":"product_tag","embeddable":true,"href":"https:\/\/www.ernstbrunn-apotheke.at\/katalog\/wp-json\/wp\/v2\/product_tag?post=86266"}],"curies":[{"name":"wp","href":"https:\/\/api.w.org\/{rel}","templated":true}]}}