{"id":8618,"date":"2025-11-07T13:45:08","date_gmt":"2025-11-07T12:45:08","guid":{"rendered":"https:\/\/www.ernstbrunn-apotheke.at\/katalog\/produkt\/ocusan-augentropfen-05ml-in-monodosen\/"},"modified":"2025-12-08T13:26:00","modified_gmt":"2025-12-08T12:26:00","slug":"ocusan-augentropfen-05ml-in-monodosen","status":"publish","type":"product","link":"https:\/\/www.ernstbrunn-apotheke.at\/katalog\/produkt\/ocusan-augentropfen-05ml-in-monodosen\/","title":{"rendered":"OCUSAN Augentropfen 0,5ml in Monodosen"},"content":{"rendered":"<p>Ocusan Augentropfen sind ein steriler, konservierungsmittelfreier, viskoelastischer, klarer Schutzschild f\u00fcr die Hornhaut. Sie bestehen ausschlie\u00dflich aus nat\u00fcrlichen, biologischen Substanzen. Ocusan sch\u00fctzt und befeuchtet zudem die Augenoberfl\u00e4che und macht sie gleitf\u00e4hig.<\/p>\n","protected":false},"excerpt":{"rendered":"<p>Ocusan Augentropfen sind ein steriler, konservierungsmittelfreier, viskoelastischer, klarer Schutzschild f\u00fcr die Hornhaut. Sie bestehen ausschlie\u00dflich aus nat\u00fcrlichen, biologischen Substanzen. Ocusan sch\u00fctzt und befeuchtet zudem die Augenoberfl\u00e4che und macht sie gleitf\u00e4hig.<\/p>\n","protected":false},"featured_media":8620,"template":"","meta":{"_acf_changed":false},"product_brand":[],"product_cat":[819],"product_tag":[],"class_list":{"0":"post-8618","1":"product","2":"type-product","3":"status-publish","4":"has-post-thumbnail","6":"product_cat-o","7":"pa_packungsgroesse-20-stueck","9":"first","10":"instock","11":"shipping-taxable","12":"purchasable","13":"product-type-simple"},"acf":[],"_links":{"self":[{"href":"https:\/\/www.ernstbrunn-apotheke.at\/katalog\/wp-json\/wp\/v2\/product\/8618","targetHints":{"allow":["GET"]}}],"collection":[{"href":"https:\/\/www.ernstbrunn-apotheke.at\/katalog\/wp-json\/wp\/v2\/product"}],"about":[{"href":"https:\/\/www.ernstbrunn-apotheke.at\/katalog\/wp-json\/wp\/v2\/types\/product"}],"wp:featuredmedia":[{"embeddable":true,"href":"https:\/\/www.ernstbrunn-apotheke.at\/katalog\/wp-json\/wp\/v2\/media\/8620"}],"wp:attachment":[{"href":"https:\/\/www.ernstbrunn-apotheke.at\/katalog\/wp-json\/wp\/v2\/media?parent=8618"}],"wp:term":[{"taxonomy":"product_brand","embeddable":true,"href":"https:\/\/www.ernstbrunn-apotheke.at\/katalog\/wp-json\/wp\/v2\/product_brand?post=8618"},{"taxonomy":"product_cat","embeddable":true,"href":"https:\/\/www.ernstbrunn-apotheke.at\/katalog\/wp-json\/wp\/v2\/product_cat?post=8618"},{"taxonomy":"product_tag","embeddable":true,"href":"https:\/\/www.ernstbrunn-apotheke.at\/katalog\/wp-json\/wp\/v2\/product_tag?post=8618"}],"curies":[{"name":"wp","href":"https:\/\/api.w.org\/{rel}","templated":true}]}}