{"id":86116,"date":"2025-11-12T01:50:32","date_gmt":"2025-11-12T00:50:32","guid":{"rendered":"https:\/\/www.ernstbrunn-apotheke.at\/katalog\/produkt\/tetesept-schlaf-gut-meersalz-750-g\/"},"modified":"2025-12-08T19:52:44","modified_gmt":"2025-12-08T18:52:44","slug":"tetesept-schlaf-gut-meersalz-750-g","status":"publish","type":"product","link":"https:\/\/www.ernstbrunn-apotheke.at\/katalog\/produkt\/tetesept-schlaf-gut-meersalz-750-g\/","title":{"rendered":"Tetesept Schlaf Gut Meersalz 750 g"},"content":{"rendered":"<p>Tetesept Schlaf Gut Meersalz ist ein Badezusatz mit wohltuender, entspannender Wirkung bei Anspannung, Stress und Unruhe. Anspannung und stressbedingte Unruhe werden reduziert und das Ein- und Durchschlafen gef\u00f6rdert. Sie f\u00fchlen sich ruhiger, ausgeglichener und bereit f\u00fcr einen erholsamen, gesunden Schlaf &#8211; wir f\u00fchren alle Produkte von tetesept zu Sonderpreisen!<\/p>\n","protected":false},"excerpt":{"rendered":"<p>Tetesept Schlaf Gut Meersalz ist ein Badezusatz mit wohltuender, entspannender Wirkung bei Anspannung, Stress und Unruhe. Anspannung und stressbedingte Unruhe werden reduziert und das Ein- und Durchschlafen gef\u00f6rdert. Sie f\u00fchlen sich ruhiger, ausgeglichener und bereit f\u00fcr einen erholsamen, gesunden Schlaf &#8211; wir f\u00fchren alle Produkte von tetesept zu Sonderpreisen!<\/p>\n","protected":false},"featured_media":86118,"template":"","meta":{"_acf_changed":false},"product_brand":[487],"product_cat":[798],"product_tag":[],"class_list":{"0":"post-86116","1":"product","2":"type-product","3":"status-publish","4":"has-post-thumbnail","6":"product_brand-tetesept","7":"product_cat-t","8":"pa_packungsgroesse-750g","10":"first","11":"instock","12":"shipping-taxable","13":"purchasable","14":"product-type-simple"},"acf":[],"_links":{"self":[{"href":"https:\/\/www.ernstbrunn-apotheke.at\/katalog\/wp-json\/wp\/v2\/product\/86116","targetHints":{"allow":["GET"]}}],"collection":[{"href":"https:\/\/www.ernstbrunn-apotheke.at\/katalog\/wp-json\/wp\/v2\/product"}],"about":[{"href":"https:\/\/www.ernstbrunn-apotheke.at\/katalog\/wp-json\/wp\/v2\/types\/product"}],"wp:featuredmedia":[{"embeddable":true,"href":"https:\/\/www.ernstbrunn-apotheke.at\/katalog\/wp-json\/wp\/v2\/media\/86118"}],"wp:attachment":[{"href":"https:\/\/www.ernstbrunn-apotheke.at\/katalog\/wp-json\/wp\/v2\/media?parent=86116"}],"wp:term":[{"taxonomy":"product_brand","embeddable":true,"href":"https:\/\/www.ernstbrunn-apotheke.at\/katalog\/wp-json\/wp\/v2\/product_brand?post=86116"},{"taxonomy":"product_cat","embeddable":true,"href":"https:\/\/www.ernstbrunn-apotheke.at\/katalog\/wp-json\/wp\/v2\/product_cat?post=86116"},{"taxonomy":"product_tag","embeddable":true,"href":"https:\/\/www.ernstbrunn-apotheke.at\/katalog\/wp-json\/wp\/v2\/product_tag?post=86116"}],"curies":[{"name":"wp","href":"https:\/\/api.w.org\/{rel}","templated":true}]}}