{"id":8579,"date":"2025-11-07T13:44:41","date_gmt":"2025-11-07T12:44:41","guid":{"rendered":"https:\/\/www.ernstbrunn-apotheke.at\/katalog\/produkt\/lento-nit-k-augentropfen-10-ml\/"},"modified":"2025-12-08T13:25:55","modified_gmt":"2025-12-08T12:25:55","slug":"lento-nit-k-augentropfen-10-ml","status":"publish","type":"product","link":"https:\/\/www.ernstbrunn-apotheke.at\/katalog\/produkt\/lento-nit-k-augentropfen-10-ml\/","title":{"rendered":"Lento Nit K Augentropfen 10 ml"},"content":{"rendered":"<p>Zur Ern\u00e4hrung und Befeuchtung des Auges sowie zur Prophylaxe bei Tr\u00fcbungen im Linsen- und Glask\u00f6rperbereich.LentoNit\u00ae K \u2013 einzigartige Zusammensetzung:Kaliumiodid 50 mg, Calciumchlorid 2H2O 49 mg, Natriumthiosulfat 5H2O 5 mg, Chlorhexidindigluconat 0,5 mg, SorbitolWer ist betroffen?Mehr als die H\u00e4lfte aller M\u00e4nner und Frauen \u00fcber 50 Jahren haben Linsenver\u00e4nderungen:Was sind die Symptome?Die Beschwerden werden meist als \u201cNebelsehen\u201d beschrieben, d. h. der Betroffene sieht st\u00e4ndig \u201ewie durch Nebel\u201c. Ferner werden oft ein vermehrtes Blendungsempfinden (gelegentlich auch Doppelt- oder Mehrfachsehen), Sehverschlechterung, insbesondere bei hellem Licht, und eine Beeintr\u00e4chtigung des Farbempfindens angegeben. Bleibt der Altersstar unbehandelt, wird das Sehverm\u00f6gen des Betroffenen durch die Linsentr\u00fcbung derart verschlechtert, dass schlie\u00dflich nur noch Lichtschein wahrgenommen werden kann.Die Zuhause-Kur f\u00fcr Ihre AugenIn vielen Kuranstalten und Heilb\u00e4dern werden seit langem Jod-Augenb\u00e4der zur Behandlung von Augenerkrankungen, wie dem beginnenden Grauen Star oder dem Trockenen Auge, angeboten. Nutzen Sie mit LentoNit\u00ae K die \u201eZuhause-Kur\u201c mit jodidhaltigen Augentropfen f\u00fcr Ihre Augen, und beugen Sie so aktiv dem \u201cNebelsehen\u201d im Alter vor!Was k\u00f6nnen Sie tun?Durch die regelm\u00e4\u00dfige Ern\u00e4hrung und Befeuchtung des Auges mit LentoNit\u00ae K k\u00f6nnen Sie einigen f\u00fcr den Altersstar mitverantwortlichen Faktoren entgegenwirken: Freie Radikale werden allgemein als Schl\u00fcsselfaktor des Alterungsprozesses gesehen, sie greifen die K\u00f6rperzellen an und sch\u00e4digen diese (sog. oxidativer Stress).Im Auge ist dieser oxidative Stress durch den starken Lichteinfall noch zus\u00e4tzlich erh\u00f6ht, da v.a. das UV-Licht zur erh\u00f6hten Belastung mit freien Radikalen f\u00fchrt. Zum Schutz vor oxidativen Stress dienen sog. Antioxidantien, die mit den freien Radikalen reagieren und diese unsch\u00e4dlich machen; sie werden daher auch als \u201eRadikalf\u00e4nger\u201c bezeichnet. Antioxidantien kann der K\u00f6rper nicht selbst herstellen, sie m\u00fcssen stetig zugef\u00fchrt werden.Neben der Staroperation bei der weit fortgeschrittene Linsentr\u00fcbung, besteht ein Behandlungsansatz in der Prophylaxe des Altersstars mit \u201eRadikalf\u00e4ngern\u201c, wie z.B. dem Jodid: Aktuelle wissenschaftliche Studien belegen, dass die Verwendung von jodidhaltigen Augentropfen einen positiven Effekt bei chronischen Augenerkrankungen wie dem Katarakt2 oder auch dem Trockenen Auge3 hat. Im Rahmen einer Studie wurden 255 Patienten mit jodidhaltigen Augentropfen* behandelt. Die gewonnenen Daten des Krankheitsverlaufs dieser Patienten wurde mit den Werten von 491 Patienten verglichen, die bei gleichlautender Diagnose \u00fcber einen identischen Zeitraum ohne Behandlung belassen wurden. Die Ergebnisse zeigen, dass die Verwendung der jodidhaltigen Augentropfen bei den behandelten Patienten mit Altersstar das Fortschreiten der Linsentr\u00fcbung im Vergleich zu der unbehandelten Patientengruppe bis zu einem 2,5fachen- Zeitfaktor verz\u00f6gern, bzw. die Verschlechterung des Sehverm\u00f6gens aufhalten konnte4.* Zusammensetzung wie LentoNit\u00ae K Augentropfen.2 Muranov K, Poliansky N, Winkler R, Rieger G, Schmut O, Horwath-Winter J. Protection by iodide of lens from selenite-induced cataract. Graefes Arch Clin Exp Ophthalmol. 2004; 242: 146-1513 Rieger G. Anto-oxidative capacity of various artifical tear preparations. Graefes Arch Clin Exp Ophthalmol. 2001; 239 (): 222-2264 Roth HW, Radler M. Zur Frage einer konservativen Therapie der Katarakt. Der Augenspiegel 1999; 45: 38-44<\/p>\n","protected":false},"excerpt":{"rendered":"<p>Zur Ern\u00e4hrung und Befeuchtung des Auges sowie zur Prophylaxe bei Tr\u00fcbungen im Linsen- und Glask\u00f6rperbereich.LentoNit\u00ae K \u2013 einzigartige Zusammensetzung:Kaliumiodid 50 mg, Calciumchlorid 2H2O 49 mg, Natriumthiosulfat 5H2O 5 mg, Chlorhexidindigluconat 0,5 mg, SorbitolWer ist betroffen?Mehr als die H\u00e4lfte aller M\u00e4nner und Frauen \u00fcber 50 Jahren haben Linsenver\u00e4nderungen:Was sind die Symptome?Die Beschwerden werden meist als \u201cNebelsehen\u201d [&hellip;]<\/p>\n","protected":false},"featured_media":8581,"template":"","meta":{"_acf_changed":false},"product_brand":[],"product_cat":[795],"product_tag":[],"class_list":{"0":"post-8579","1":"product","2":"type-product","3":"status-publish","4":"has-post-thumbnail","6":"product_cat-l","7":"pa_packungsgroesse-10ml","8":"pa_packungsgroesse-30ml","10":"first","11":"instock","12":"shipping-taxable","13":"purchasable","14":"product-type-simple"},"acf":[],"_links":{"self":[{"href":"https:\/\/www.ernstbrunn-apotheke.at\/katalog\/wp-json\/wp\/v2\/product\/8579","targetHints":{"allow":["GET"]}}],"collection":[{"href":"https:\/\/www.ernstbrunn-apotheke.at\/katalog\/wp-json\/wp\/v2\/product"}],"about":[{"href":"https:\/\/www.ernstbrunn-apotheke.at\/katalog\/wp-json\/wp\/v2\/types\/product"}],"wp:featuredmedia":[{"embeddable":true,"href":"https:\/\/www.ernstbrunn-apotheke.at\/katalog\/wp-json\/wp\/v2\/media\/8581"}],"wp:attachment":[{"href":"https:\/\/www.ernstbrunn-apotheke.at\/katalog\/wp-json\/wp\/v2\/media?parent=8579"}],"wp:term":[{"taxonomy":"product_brand","embeddable":true,"href":"https:\/\/www.ernstbrunn-apotheke.at\/katalog\/wp-json\/wp\/v2\/product_brand?post=8579"},{"taxonomy":"product_cat","embeddable":true,"href":"https:\/\/www.ernstbrunn-apotheke.at\/katalog\/wp-json\/wp\/v2\/product_cat?post=8579"},{"taxonomy":"product_tag","embeddable":true,"href":"https:\/\/www.ernstbrunn-apotheke.at\/katalog\/wp-json\/wp\/v2\/product_tag?post=8579"}],"curies":[{"name":"wp","href":"https:\/\/api.w.org\/{rel}","templated":true}]}}