{"id":8557,"date":"2025-11-07T13:43:58","date_gmt":"2025-11-07T12:43:58","guid":{"rendered":"https:\/\/www.ernstbrunn-apotheke.at\/katalog\/produkt\/macusan-tabletten-royal-30-stk\/"},"modified":"2025-12-08T13:25:52","modified_gmt":"2025-12-08T12:25:52","slug":"macusan-tabletten-royal-30-stk","status":"publish","type":"product","link":"https:\/\/www.ernstbrunn-apotheke.at\/katalog\/produkt\/macusan-tabletten-royal-30-stk\/","title":{"rendered":"Macusan Tabletten Royal 30 Stk."},"content":{"rendered":"<p>Macusan Tabletten Royal sind ein di\u00e4tetisches Lebensmittel mit antioxidativen Eigenschaften. Die spezielle Zusammensetzung unterst\u00fctzt das Versorgungsdefizit an N\u00e4hrstoffen, insbesondere im h\u00f6heren Alter. Carotinoide k\u00f6nnen zum Schutz des Auges vor sch\u00e4dlicher UV-Strahlung und zum Erhalt einer normalen Sehkraft beitragen.<\/p>\n","protected":false},"excerpt":{"rendered":"<p>Macusan Tabletten Royal sind ein di\u00e4tetisches Lebensmittel mit antioxidativen Eigenschaften. Die spezielle Zusammensetzung unterst\u00fctzt das Versorgungsdefizit an N\u00e4hrstoffen, insbesondere im h\u00f6heren Alter. Carotinoide k\u00f6nnen zum Schutz des Auges vor sch\u00e4dlicher UV-Strahlung und zum Erhalt einer normalen Sehkraft beitragen.<\/p>\n","protected":false},"featured_media":8559,"template":"","meta":{"_acf_changed":false},"product_brand":[],"product_cat":[800],"product_tag":[],"class_list":{"0":"post-8557","1":"product","2":"type-product","3":"status-publish","4":"has-post-thumbnail","6":"product_cat-m","7":"pa_packungsgroesse-30-stueck","9":"first","10":"instock","11":"shipping-taxable","12":"purchasable","13":"product-type-simple"},"acf":[],"_links":{"self":[{"href":"https:\/\/www.ernstbrunn-apotheke.at\/katalog\/wp-json\/wp\/v2\/product\/8557","targetHints":{"allow":["GET"]}}],"collection":[{"href":"https:\/\/www.ernstbrunn-apotheke.at\/katalog\/wp-json\/wp\/v2\/product"}],"about":[{"href":"https:\/\/www.ernstbrunn-apotheke.at\/katalog\/wp-json\/wp\/v2\/types\/product"}],"wp:featuredmedia":[{"embeddable":true,"href":"https:\/\/www.ernstbrunn-apotheke.at\/katalog\/wp-json\/wp\/v2\/media\/8559"}],"wp:attachment":[{"href":"https:\/\/www.ernstbrunn-apotheke.at\/katalog\/wp-json\/wp\/v2\/media?parent=8557"}],"wp:term":[{"taxonomy":"product_brand","embeddable":true,"href":"https:\/\/www.ernstbrunn-apotheke.at\/katalog\/wp-json\/wp\/v2\/product_brand?post=8557"},{"taxonomy":"product_cat","embeddable":true,"href":"https:\/\/www.ernstbrunn-apotheke.at\/katalog\/wp-json\/wp\/v2\/product_cat?post=8557"},{"taxonomy":"product_tag","embeddable":true,"href":"https:\/\/www.ernstbrunn-apotheke.at\/katalog\/wp-json\/wp\/v2\/product_tag?post=8557"}],"curies":[{"name":"wp","href":"https:\/\/api.w.org\/{rel}","templated":true}]}}