{"id":85396,"date":"2025-11-12T01:36:21","date_gmt":"2025-11-12T00:36:21","guid":{"rendered":"https:\/\/www.ernstbrunn-apotheke.at\/katalog\/produkt\/sebamed-balsam-deo-sensitive-aerosol-150-ml\/"},"modified":"2025-12-08T19:47:35","modified_gmt":"2025-12-08T18:47:35","slug":"sebamed-balsam-deo-sensitive-aerosol-150-ml","status":"publish","type":"product","link":"https:\/\/www.ernstbrunn-apotheke.at\/katalog\/produkt\/sebamed-balsam-deo-sensitive-aerosol-150-ml\/","title":{"rendered":"Sebamed Balsam Deo Sensitive Aerosol 150 ml"},"content":{"rendered":"<p>Sebamed Balsam Deo Sensitive Aerosol desodoriert und pflegt empfindliche Haut. Es bindet Geruchsstoffe und hemmt geruchsbildende Hautbakterien, ohne die nat\u00fcrliche Schwei\u00dfbildung zu unterdr\u00fccken. Aloe Vera wirkt hautberuhigend und spendet Feuchtigkeit. Der pH-Wert 5,5 \u2013 wichtig f\u00fcr die gesunde Haut \u2013 f\u00f6rdert zus\u00e4tzlich die hauteigene Schutzfunktion gegen sch\u00e4digende \u00e4u\u00dfere Einfl\u00fcsse. Ohne Aluminiumsalze. Wirksamkeit und Hautvertr\u00e4glichkeit sind klinisch getestet.<\/p>\n","protected":false},"excerpt":{"rendered":"<p>Sebamed Balsam Deo Sensitive Aerosol desodoriert und pflegt empfindliche Haut. Es bindet Geruchsstoffe und hemmt geruchsbildende Hautbakterien, ohne die nat\u00fcrliche Schwei\u00dfbildung zu unterdr\u00fccken. Aloe Vera wirkt hautberuhigend und spendet Feuchtigkeit. Der pH-Wert 5,5 \u2013 wichtig f\u00fcr die gesunde Haut \u2013 f\u00f6rdert zus\u00e4tzlich die hauteigene Schutzfunktion gegen sch\u00e4digende \u00e4u\u00dfere Einfl\u00fcsse. Ohne Aluminiumsalze. Wirksamkeit und Hautvertr\u00e4glichkeit sind [&hellip;]<\/p>\n","protected":false},"featured_media":85398,"template":"","meta":{"_acf_changed":false},"product_brand":[737],"product_cat":[791],"product_tag":[],"class_list":{"0":"post-85396","1":"product","2":"type-product","3":"status-publish","4":"has-post-thumbnail","6":"product_brand-sebamed","7":"product_cat-s","8":"pa_packungsgroesse-150ml","10":"first","11":"instock","12":"shipping-taxable","13":"purchasable","14":"product-type-simple"},"acf":[],"_links":{"self":[{"href":"https:\/\/www.ernstbrunn-apotheke.at\/katalog\/wp-json\/wp\/v2\/product\/85396","targetHints":{"allow":["GET"]}}],"collection":[{"href":"https:\/\/www.ernstbrunn-apotheke.at\/katalog\/wp-json\/wp\/v2\/product"}],"about":[{"href":"https:\/\/www.ernstbrunn-apotheke.at\/katalog\/wp-json\/wp\/v2\/types\/product"}],"wp:featuredmedia":[{"embeddable":true,"href":"https:\/\/www.ernstbrunn-apotheke.at\/katalog\/wp-json\/wp\/v2\/media\/85398"}],"wp:attachment":[{"href":"https:\/\/www.ernstbrunn-apotheke.at\/katalog\/wp-json\/wp\/v2\/media?parent=85396"}],"wp:term":[{"taxonomy":"product_brand","embeddable":true,"href":"https:\/\/www.ernstbrunn-apotheke.at\/katalog\/wp-json\/wp\/v2\/product_brand?post=85396"},{"taxonomy":"product_cat","embeddable":true,"href":"https:\/\/www.ernstbrunn-apotheke.at\/katalog\/wp-json\/wp\/v2\/product_cat?post=85396"},{"taxonomy":"product_tag","embeddable":true,"href":"https:\/\/www.ernstbrunn-apotheke.at\/katalog\/wp-json\/wp\/v2\/product_tag?post=85396"}],"curies":[{"name":"wp","href":"https:\/\/api.w.org\/{rel}","templated":true}]}}