{"id":85271,"date":"2025-11-12T01:33:41","date_gmt":"2025-11-12T00:33:41","guid":{"rendered":"https:\/\/www.ernstbrunn-apotheke.at\/katalog\/produkt\/bachbluete-apopharm-01-agrimony-odermennig-20-ml\/"},"modified":"2025-12-08T19:46:40","modified_gmt":"2025-12-08T18:46:40","slug":"bachbluete-apopharm-01-agrimony-odermennig-20-ml","status":"publish","type":"product","link":"https:\/\/www.ernstbrunn-apotheke.at\/katalog\/produkt\/bachbluete-apopharm-01-agrimony-odermennig-20-ml\/","title":{"rendered":"Bachbl\u00fcte Apopharm 01 Agrimony\/Odermennig 20 ml"},"content":{"rendered":"<p>Bachbl\u00fcte Apopharm 01 Agrimony eignet sich zur Anwendung bei allen krankhaften St\u00f6rungen, die mit Verkrampfung, Hemmungen, Konfliktangst, Unehrlichkeit, k\u00fcnstlichem Verhalten oder \u00dcberempfindlichkeit einhergehen oder davon ausgel\u00f6st wurden. So wird das Produkt im t\u00e4glichen Leben bei K\u00fcnstlichkeit, Schauspielerei, Unehrlichkeit und auch Verlegenheit eingesetzt.<\/p>\n","protected":false},"excerpt":{"rendered":"<p>Bachbl\u00fcte Apopharm 01 Agrimony eignet sich zur Anwendung bei allen krankhaften St\u00f6rungen, die mit Verkrampfung, Hemmungen, Konfliktangst, Unehrlichkeit, k\u00fcnstlichem Verhalten oder \u00dcberempfindlichkeit einhergehen oder davon ausgel\u00f6st wurden. So wird das Produkt im t\u00e4glichen Leben bei K\u00fcnstlichkeit, Schauspielerei, Unehrlichkeit und auch Verlegenheit eingesetzt.<\/p>\n","protected":false},"featured_media":0,"template":"","meta":{"_acf_changed":false},"product_brand":[],"product_cat":[802],"product_tag":[],"class_list":{"0":"post-85271","1":"product","2":"type-product","3":"status-publish","5":"product_cat-b","6":"pa_packungsgroesse-20ml","8":"first","9":"instock","10":"shipping-taxable","11":"purchasable","12":"product-type-simple"},"acf":[],"_links":{"self":[{"href":"https:\/\/www.ernstbrunn-apotheke.at\/katalog\/wp-json\/wp\/v2\/product\/85271","targetHints":{"allow":["GET"]}}],"collection":[{"href":"https:\/\/www.ernstbrunn-apotheke.at\/katalog\/wp-json\/wp\/v2\/product"}],"about":[{"href":"https:\/\/www.ernstbrunn-apotheke.at\/katalog\/wp-json\/wp\/v2\/types\/product"}],"wp:attachment":[{"href":"https:\/\/www.ernstbrunn-apotheke.at\/katalog\/wp-json\/wp\/v2\/media?parent=85271"}],"wp:term":[{"taxonomy":"product_brand","embeddable":true,"href":"https:\/\/www.ernstbrunn-apotheke.at\/katalog\/wp-json\/wp\/v2\/product_brand?post=85271"},{"taxonomy":"product_cat","embeddable":true,"href":"https:\/\/www.ernstbrunn-apotheke.at\/katalog\/wp-json\/wp\/v2\/product_cat?post=85271"},{"taxonomy":"product_tag","embeddable":true,"href":"https:\/\/www.ernstbrunn-apotheke.at\/katalog\/wp-json\/wp\/v2\/product_tag?post=85271"}],"curies":[{"name":"wp","href":"https:\/\/api.w.org\/{rel}","templated":true}]}}