{"id":85268,"date":"2025-11-12T01:33:41","date_gmt":"2025-11-12T00:33:41","guid":{"rendered":"https:\/\/www.ernstbrunn-apotheke.at\/katalog\/produkt\/kneipp-wiesenkraeuter-creme-150-ml\/"},"modified":"2025-12-08T19:46:38","modified_gmt":"2025-12-08T18:46:38","slug":"kneipp-wiesenkraeuter-creme-150-ml","status":"publish","type":"product","link":"https:\/\/www.ernstbrunn-apotheke.at\/katalog\/produkt\/kneipp-wiesenkraeuter-creme-150-ml\/","title":{"rendered":"Kneipp Wiesenkr\u00e4uter Creme 150 ml"},"content":{"rendered":"<p>Kneipp Wiesenkr\u00e4uter Creme 150 ml mit einem zarten Duft nach gr\u00fcner Sommerwiese und intensiver, langanhaltender Feuchtigkeit f\u00fcr Ihre Haut.<\/p>\n","protected":false},"excerpt":{"rendered":"<p>Kneipp Wiesenkr\u00e4uter Creme 150 ml mit einem zarten Duft nach gr\u00fcner Sommerwiese und intensiver, langanhaltender Feuchtigkeit f\u00fcr Ihre Haut.<\/p>\n","protected":false},"featured_media":85270,"template":"","meta":{"_acf_changed":false},"product_brand":[662],"product_cat":[807],"product_tag":[],"class_list":{"0":"post-85268","1":"product","2":"type-product","3":"status-publish","4":"has-post-thumbnail","6":"product_brand-kneipp","7":"product_cat-k","8":"pa_packungsgroesse-150ml","10":"first","11":"instock","12":"shipping-taxable","13":"purchasable","14":"product-type-simple"},"acf":[],"_links":{"self":[{"href":"https:\/\/www.ernstbrunn-apotheke.at\/katalog\/wp-json\/wp\/v2\/product\/85268","targetHints":{"allow":["GET"]}}],"collection":[{"href":"https:\/\/www.ernstbrunn-apotheke.at\/katalog\/wp-json\/wp\/v2\/product"}],"about":[{"href":"https:\/\/www.ernstbrunn-apotheke.at\/katalog\/wp-json\/wp\/v2\/types\/product"}],"wp:featuredmedia":[{"embeddable":true,"href":"https:\/\/www.ernstbrunn-apotheke.at\/katalog\/wp-json\/wp\/v2\/media\/85270"}],"wp:attachment":[{"href":"https:\/\/www.ernstbrunn-apotheke.at\/katalog\/wp-json\/wp\/v2\/media?parent=85268"}],"wp:term":[{"taxonomy":"product_brand","embeddable":true,"href":"https:\/\/www.ernstbrunn-apotheke.at\/katalog\/wp-json\/wp\/v2\/product_brand?post=85268"},{"taxonomy":"product_cat","embeddable":true,"href":"https:\/\/www.ernstbrunn-apotheke.at\/katalog\/wp-json\/wp\/v2\/product_cat?post=85268"},{"taxonomy":"product_tag","embeddable":true,"href":"https:\/\/www.ernstbrunn-apotheke.at\/katalog\/wp-json\/wp\/v2\/product_tag?post=85268"}],"curies":[{"name":"wp","href":"https:\/\/api.w.org\/{rel}","templated":true}]}}