{"id":85093,"date":"2025-11-12T01:30:10","date_gmt":"2025-11-12T00:30:10","guid":{"rendered":"https:\/\/www.ernstbrunn-apotheke.at\/katalog\/produkt\/cholin-100mg-kapseln-2\/"},"modified":"2025-12-08T19:45:16","modified_gmt":"2025-12-08T18:45:16","slug":"cholin-100mg-kapseln-2","status":"publish","type":"product","link":"https:\/\/www.ernstbrunn-apotheke.at\/katalog\/produkt\/cholin-100mg-kapseln-2\/","title":{"rendered":"Cholin 100mg Kapseln"},"content":{"rendered":"<p>Cholin 100 mg GPH Kapseln enthalten Cholinhydrogentartrat, das vorwiegend zum Aufbau und Erhalt der Nervenzellen ben\u00f6tigt wird. Au\u00dferdem ist Cholin am Fettstoffwechsel beteiligt. Eine Cholineinnahme ist empfehlenswert bei Ged\u00e4chtnisleistungsst\u00f6rungen, zu hohem Cholesterinspiegel und bei starkem psychischem Stress.<\/p>\n","protected":false},"excerpt":{"rendered":"<p>Cholin 100 mg GPH Kapseln enthalten Cholinhydrogentartrat, das vorwiegend zum Aufbau und Erhalt der Nervenzellen ben\u00f6tigt wird. Au\u00dferdem ist Cholin am Fettstoffwechsel beteiligt. Eine Cholineinnahme ist empfehlenswert bei Ged\u00e4chtnisleistungsst\u00f6rungen, zu hohem Cholesterinspiegel und bei starkem psychischem Stress.<\/p>\n","protected":false},"featured_media":85095,"template":"","meta":{"_acf_changed":false},"product_brand":[371],"product_cat":[812],"product_tag":[],"class_list":{"0":"post-85093","1":"product","2":"type-product","3":"status-publish","4":"has-post-thumbnail","6":"product_brand-gall-pharma","7":"product_cat-c","8":"pa_packungsgroesse-180-stueck","10":"first","11":"instock","12":"shipping-taxable","13":"purchasable","14":"product-type-simple"},"acf":[],"_links":{"self":[{"href":"https:\/\/www.ernstbrunn-apotheke.at\/katalog\/wp-json\/wp\/v2\/product\/85093","targetHints":{"allow":["GET"]}}],"collection":[{"href":"https:\/\/www.ernstbrunn-apotheke.at\/katalog\/wp-json\/wp\/v2\/product"}],"about":[{"href":"https:\/\/www.ernstbrunn-apotheke.at\/katalog\/wp-json\/wp\/v2\/types\/product"}],"wp:featuredmedia":[{"embeddable":true,"href":"https:\/\/www.ernstbrunn-apotheke.at\/katalog\/wp-json\/wp\/v2\/media\/85095"}],"wp:attachment":[{"href":"https:\/\/www.ernstbrunn-apotheke.at\/katalog\/wp-json\/wp\/v2\/media?parent=85093"}],"wp:term":[{"taxonomy":"product_brand","embeddable":true,"href":"https:\/\/www.ernstbrunn-apotheke.at\/katalog\/wp-json\/wp\/v2\/product_brand?post=85093"},{"taxonomy":"product_cat","embeddable":true,"href":"https:\/\/www.ernstbrunn-apotheke.at\/katalog\/wp-json\/wp\/v2\/product_cat?post=85093"},{"taxonomy":"product_tag","embeddable":true,"href":"https:\/\/www.ernstbrunn-apotheke.at\/katalog\/wp-json\/wp\/v2\/product_tag?post=85093"}],"curies":[{"name":"wp","href":"https:\/\/api.w.org\/{rel}","templated":true}]}}