{"id":84967,"date":"2025-11-12T01:27:40","date_gmt":"2025-11-12T00:27:40","guid":{"rendered":"https:\/\/www.ernstbrunn-apotheke.at\/katalog\/produkt\/life-light-kapseln-revicell-2-90-stk\/"},"modified":"2025-12-08T19:44:26","modified_gmt":"2025-12-08T18:44:26","slug":"life-light-kapseln-revicell-2-90-stk","status":"publish","type":"product","link":"https:\/\/www.ernstbrunn-apotheke.at\/katalog\/produkt\/life-light-kapseln-revicell-2-90-stk\/","title":{"rendered":"Life Light Kapseln Revicell 2 90 Stk."},"content":{"rendered":"<p>Life Light Kapseln Revicell 2 ist ein di\u00e4tetisches Lebensmittel f\u00fcr besondere medizinische Zwecke. Das Produkt tr\u00e4gt zur Erhaltung normaler Haut, Schleimh\u00e4ute und Haare bei. Au\u00dferdem ist es wichtig f\u00fcr eine normale psychische Funktion, einen normalen Stoffwechsel von Makron\u00e4hrstoffen und einen normalen Energiestoffwechsel.<\/p>\n","protected":false},"excerpt":{"rendered":"<p>Life Light Kapseln Revicell 2 ist ein di\u00e4tetisches Lebensmittel f\u00fcr besondere medizinische Zwecke. Das Produkt tr\u00e4gt zur Erhaltung normaler Haut, Schleimh\u00e4ute und Haare bei. Au\u00dferdem ist es wichtig f\u00fcr eine normale psychische Funktion, einen normalen Stoffwechsel von Makron\u00e4hrstoffen und einen normalen Energiestoffwechsel.<\/p>\n","protected":false},"featured_media":84969,"template":"","meta":{"_acf_changed":false},"product_brand":[],"product_cat":[795],"product_tag":[],"class_list":{"0":"post-84967","1":"product","2":"type-product","3":"status-publish","4":"has-post-thumbnail","6":"product_cat-l","7":"pa_packungsgroesse-90-stueck","9":"first","10":"instock","11":"shipping-taxable","12":"purchasable","13":"product-type-simple"},"acf":[],"_links":{"self":[{"href":"https:\/\/www.ernstbrunn-apotheke.at\/katalog\/wp-json\/wp\/v2\/product\/84967","targetHints":{"allow":["GET"]}}],"collection":[{"href":"https:\/\/www.ernstbrunn-apotheke.at\/katalog\/wp-json\/wp\/v2\/product"}],"about":[{"href":"https:\/\/www.ernstbrunn-apotheke.at\/katalog\/wp-json\/wp\/v2\/types\/product"}],"wp:featuredmedia":[{"embeddable":true,"href":"https:\/\/www.ernstbrunn-apotheke.at\/katalog\/wp-json\/wp\/v2\/media\/84969"}],"wp:attachment":[{"href":"https:\/\/www.ernstbrunn-apotheke.at\/katalog\/wp-json\/wp\/v2\/media?parent=84967"}],"wp:term":[{"taxonomy":"product_brand","embeddable":true,"href":"https:\/\/www.ernstbrunn-apotheke.at\/katalog\/wp-json\/wp\/v2\/product_brand?post=84967"},{"taxonomy":"product_cat","embeddable":true,"href":"https:\/\/www.ernstbrunn-apotheke.at\/katalog\/wp-json\/wp\/v2\/product_cat?post=84967"},{"taxonomy":"product_tag","embeddable":true,"href":"https:\/\/www.ernstbrunn-apotheke.at\/katalog\/wp-json\/wp\/v2\/product_tag?post=84967"}],"curies":[{"name":"wp","href":"https:\/\/api.w.org\/{rel}","templated":true}]}}