{"id":84895,"date":"2025-11-12T01:26:01","date_gmt":"2025-11-12T00:26:01","guid":{"rendered":"https:\/\/www.ernstbrunn-apotheke.at\/katalog\/produkt\/resource-dessert-2-0-24-stk-mischkarton\/"},"modified":"2025-12-08T19:43:51","modified_gmt":"2025-12-08T18:43:51","slug":"resource-dessert-2-0-24-stk-mischkarton","status":"publish","type":"product","link":"https:\/\/www.ernstbrunn-apotheke.at\/katalog\/produkt\/resource-dessert-2-0-24-stk-mischkarton\/","title":{"rendered":"Resource Dessert 2.0 24 Stk. Mischkarton"},"content":{"rendered":"<p>Nestl\u00e9 Resource Dessert 125 Complete ist eine energie- und eiwei\u00dfreiche Dessertcreme. Das di\u00e4tetische Lebensmittel f\u00fcr besondere medizinische Zwecke eignet sich zur Anwendung bei einer bilanzierten Di\u00e4t. Die Creme eignet sich zur Anwendung bei erh\u00f6htem Energiebedarf und erh\u00f6htem Eiwei\u00dfbedarf sowie bei verminderter Nahrungsaufnahme als Folge von Kau- und Schluckbeschwerden.<\/p>\n","protected":false},"excerpt":{"rendered":"<p>Nestl\u00e9 Resource Dessert 125 Complete ist eine energie- und eiwei\u00dfreiche Dessertcreme. Das di\u00e4tetische Lebensmittel f\u00fcr besondere medizinische Zwecke eignet sich zur Anwendung bei einer bilanzierten Di\u00e4t. Die Creme eignet sich zur Anwendung bei erh\u00f6htem Energiebedarf und erh\u00f6htem Eiwei\u00dfbedarf sowie bei verminderter Nahrungsaufnahme als Folge von Kau- und Schluckbeschwerden.<\/p>\n","protected":false},"featured_media":84897,"template":"","meta":{"_acf_changed":false},"product_brand":[],"product_cat":[808],"product_tag":[],"class_list":{"0":"post-84895","1":"product","2":"type-product","3":"status-publish","4":"has-post-thumbnail","6":"product_cat-r","7":"pa_packungsgroesse-24-stueck","9":"first","10":"instock","11":"shipping-taxable","12":"purchasable","13":"product-type-simple"},"acf":[],"_links":{"self":[{"href":"https:\/\/www.ernstbrunn-apotheke.at\/katalog\/wp-json\/wp\/v2\/product\/84895","targetHints":{"allow":["GET"]}}],"collection":[{"href":"https:\/\/www.ernstbrunn-apotheke.at\/katalog\/wp-json\/wp\/v2\/product"}],"about":[{"href":"https:\/\/www.ernstbrunn-apotheke.at\/katalog\/wp-json\/wp\/v2\/types\/product"}],"wp:featuredmedia":[{"embeddable":true,"href":"https:\/\/www.ernstbrunn-apotheke.at\/katalog\/wp-json\/wp\/v2\/media\/84897"}],"wp:attachment":[{"href":"https:\/\/www.ernstbrunn-apotheke.at\/katalog\/wp-json\/wp\/v2\/media?parent=84895"}],"wp:term":[{"taxonomy":"product_brand","embeddable":true,"href":"https:\/\/www.ernstbrunn-apotheke.at\/katalog\/wp-json\/wp\/v2\/product_brand?post=84895"},{"taxonomy":"product_cat","embeddable":true,"href":"https:\/\/www.ernstbrunn-apotheke.at\/katalog\/wp-json\/wp\/v2\/product_cat?post=84895"},{"taxonomy":"product_tag","embeddable":true,"href":"https:\/\/www.ernstbrunn-apotheke.at\/katalog\/wp-json\/wp\/v2\/product_tag?post=84895"}],"curies":[{"name":"wp","href":"https:\/\/api.w.org\/{rel}","templated":true}]}}