{"id":84484,"date":"2025-11-12T01:17:27","date_gmt":"2025-11-12T00:17:27","guid":{"rendered":"https:\/\/www.ernstbrunn-apotheke.at\/katalog\/produkt\/australische-buschbluetenessenz-boab-15-ml\/"},"modified":"2025-12-08T19:40:45","modified_gmt":"2025-12-08T18:40:45","slug":"australische-buschbluetenessenz-boab-15-ml","status":"publish","type":"product","link":"https:\/\/www.ernstbrunn-apotheke.at\/katalog\/produkt\/australische-buschbluetenessenz-boab-15-ml\/","title":{"rendered":"Australische Buschbl\u00fctenessenz Boab 15 ml"},"content":{"rendered":"<p>Australische Buschbl\u00fctenessenz Boab kl\u00e4rt negative emotionelle und mentale Familienmuster, die von einer Generation zur n\u00e4chsten \u00fcbergehen. Boab findet den Zugang zu diesen zentralen Mustern und den sich daraus ergebenden Glaubenss\u00e4tzen und kl\u00e4rt sie. Diese Bl\u00fctenessenzen sind besonders vorteilhaft f\u00fcr diejenigen, die Missbrauch oder Vorurteile durch andere erfahren haben.<\/p>\n","protected":false},"excerpt":{"rendered":"<p>Australische Buschbl\u00fctenessenz Boab kl\u00e4rt negative emotionelle und mentale Familienmuster, die von einer Generation zur n\u00e4chsten \u00fcbergehen. Boab findet den Zugang zu diesen zentralen Mustern und den sich daraus ergebenden Glaubenss\u00e4tzen und kl\u00e4rt sie. Diese Bl\u00fctenessenzen sind besonders vorteilhaft f\u00fcr diejenigen, die Missbrauch oder Vorurteile durch andere erfahren haben.<\/p>\n","protected":false},"featured_media":0,"template":"","meta":{"_acf_changed":false},"product_brand":[930],"product_cat":[801],"product_tag":[],"class_list":{"0":"post-84484","1":"product","2":"type-product","3":"status-publish","5":"product_brand-australische-buschblueten","6":"product_cat-a","7":"pa_packungsgroesse-15ml","9":"first","10":"instock","11":"shipping-taxable","12":"purchasable","13":"product-type-simple"},"acf":[],"_links":{"self":[{"href":"https:\/\/www.ernstbrunn-apotheke.at\/katalog\/wp-json\/wp\/v2\/product\/84484","targetHints":{"allow":["GET"]}}],"collection":[{"href":"https:\/\/www.ernstbrunn-apotheke.at\/katalog\/wp-json\/wp\/v2\/product"}],"about":[{"href":"https:\/\/www.ernstbrunn-apotheke.at\/katalog\/wp-json\/wp\/v2\/types\/product"}],"wp:attachment":[{"href":"https:\/\/www.ernstbrunn-apotheke.at\/katalog\/wp-json\/wp\/v2\/media?parent=84484"}],"wp:term":[{"taxonomy":"product_brand","embeddable":true,"href":"https:\/\/www.ernstbrunn-apotheke.at\/katalog\/wp-json\/wp\/v2\/product_brand?post=84484"},{"taxonomy":"product_cat","embeddable":true,"href":"https:\/\/www.ernstbrunn-apotheke.at\/katalog\/wp-json\/wp\/v2\/product_cat?post=84484"},{"taxonomy":"product_tag","embeddable":true,"href":"https:\/\/www.ernstbrunn-apotheke.at\/katalog\/wp-json\/wp\/v2\/product_tag?post=84484"}],"curies":[{"name":"wp","href":"https:\/\/api.w.org\/{rel}","templated":true}]}}