{"id":84387,"date":"2025-11-12T01:15:48","date_gmt":"2025-11-12T00:15:48","guid":{"rendered":"https:\/\/www.ernstbrunn-apotheke.at\/katalog\/produkt\/a-vogel-herbamare-kraeutersalz-1000-g\/"},"modified":"2025-12-08T19:40:02","modified_gmt":"2025-12-08T18:40:02","slug":"a-vogel-herbamare-kraeutersalz-1000-g","status":"publish","type":"product","link":"https:\/\/www.ernstbrunn-apotheke.at\/katalog\/produkt\/a-vogel-herbamare-kraeutersalz-1000-g\/","title":{"rendered":"A.Vogel Herbamare Kr\u00e4utersalz 1000 g"},"content":{"rendered":"<p>A.Vogel Herbamare Kr\u00e4utersalz wird aus Meersalz und 14 erntefrischen Gem\u00fcsesorten und Kr\u00e4utern aus kontrolliert biologischem Anbau hergestellt, angereichert mit der jodhaltigen Meeresalge Kelp. Die frischen Zutaten werden mit dem Salz verarbeitet und unter Vakuum aromaschonend getrocknet.<\/p>\n","protected":false},"excerpt":{"rendered":"<p>A.Vogel Herbamare Kr\u00e4utersalz wird aus Meersalz und 14 erntefrischen Gem\u00fcsesorten und Kr\u00e4utern aus kontrolliert biologischem Anbau hergestellt, angereichert mit der jodhaltigen Meeresalge Kelp. Die frischen Zutaten werden mit dem Salz verarbeitet und unter Vakuum aromaschonend getrocknet.<\/p>\n","protected":false},"featured_media":84389,"template":"","meta":{"_acf_changed":false},"product_brand":[],"product_cat":[801],"product_tag":[],"class_list":{"0":"post-84387","1":"product","2":"type-product","3":"status-publish","4":"has-post-thumbnail","6":"product_cat-a","7":"pa_packungsgroesse-1kg","9":"first","10":"instock","11":"shipping-taxable","12":"purchasable","13":"product-type-simple"},"acf":[],"_links":{"self":[{"href":"https:\/\/www.ernstbrunn-apotheke.at\/katalog\/wp-json\/wp\/v2\/product\/84387","targetHints":{"allow":["GET"]}}],"collection":[{"href":"https:\/\/www.ernstbrunn-apotheke.at\/katalog\/wp-json\/wp\/v2\/product"}],"about":[{"href":"https:\/\/www.ernstbrunn-apotheke.at\/katalog\/wp-json\/wp\/v2\/types\/product"}],"wp:featuredmedia":[{"embeddable":true,"href":"https:\/\/www.ernstbrunn-apotheke.at\/katalog\/wp-json\/wp\/v2\/media\/84389"}],"wp:attachment":[{"href":"https:\/\/www.ernstbrunn-apotheke.at\/katalog\/wp-json\/wp\/v2\/media?parent=84387"}],"wp:term":[{"taxonomy":"product_brand","embeddable":true,"href":"https:\/\/www.ernstbrunn-apotheke.at\/katalog\/wp-json\/wp\/v2\/product_brand?post=84387"},{"taxonomy":"product_cat","embeddable":true,"href":"https:\/\/www.ernstbrunn-apotheke.at\/katalog\/wp-json\/wp\/v2\/product_cat?post=84387"},{"taxonomy":"product_tag","embeddable":true,"href":"https:\/\/www.ernstbrunn-apotheke.at\/katalog\/wp-json\/wp\/v2\/product_tag?post=84387"}],"curies":[{"name":"wp","href":"https:\/\/api.w.org\/{rel}","templated":true}]}}