{"id":83987,"date":"2025-11-12T01:07:55","date_gmt":"2025-11-12T00:07:55","guid":{"rendered":"https:\/\/www.ernstbrunn-apotheke.at\/katalog\/produkt\/trinkbehaelter-bas-2502d-2gr-we-1-stk\/"},"modified":"2025-12-08T19:37:17","modified_gmt":"2025-12-08T18:37:17","slug":"trinkbehaelter-bas-2502d-2gr-we-1-stk","status":"publish","type":"product","link":"https:\/\/www.ernstbrunn-apotheke.at\/katalog\/produkt\/trinkbehaelter-bas-2502d-2gr-we-1-stk\/","title":{"rendered":"Trinkbeh\u00e4lter BAS 250+2D 2GR WE 1 Stk."},"content":{"rendered":"<p>Trinkbeh\u00e4lter Basu ist eine tolle Hilfe f\u00fcr Menschen, die Schwierigkeiten beim Trinken haben. Der Trinkbecher ist auch sehr gut geeignet f\u00fcr die Erw\u00e4rmung von Getr\u00e4nken und Speisen in der Mikrowelle. Der Becher ist sp\u00fclmaschienengeeignet und autoklavierbar und daher auch sehr leicht zu reinigen.<\/p>\n","protected":false},"excerpt":{"rendered":"<p>Trinkbeh\u00e4lter Basu ist eine tolle Hilfe f\u00fcr Menschen, die Schwierigkeiten beim Trinken haben. Der Trinkbecher ist auch sehr gut geeignet f\u00fcr die Erw\u00e4rmung von Getr\u00e4nken und Speisen in der Mikrowelle. Der Becher ist sp\u00fclmaschienengeeignet und autoklavierbar und daher auch sehr leicht zu reinigen.<\/p>\n","protected":false},"featured_media":83989,"template":"","meta":{"_acf_changed":false},"product_brand":[],"product_cat":[798],"product_tag":[],"class_list":{"0":"post-83987","1":"product","2":"type-product","3":"status-publish","4":"has-post-thumbnail","6":"product_cat-t","7":"pa_packungsgroesse-500","9":"first","10":"instock","11":"shipping-taxable","12":"purchasable","13":"product-type-simple"},"acf":[],"_links":{"self":[{"href":"https:\/\/www.ernstbrunn-apotheke.at\/katalog\/wp-json\/wp\/v2\/product\/83987","targetHints":{"allow":["GET"]}}],"collection":[{"href":"https:\/\/www.ernstbrunn-apotheke.at\/katalog\/wp-json\/wp\/v2\/product"}],"about":[{"href":"https:\/\/www.ernstbrunn-apotheke.at\/katalog\/wp-json\/wp\/v2\/types\/product"}],"wp:featuredmedia":[{"embeddable":true,"href":"https:\/\/www.ernstbrunn-apotheke.at\/katalog\/wp-json\/wp\/v2\/media\/83989"}],"wp:attachment":[{"href":"https:\/\/www.ernstbrunn-apotheke.at\/katalog\/wp-json\/wp\/v2\/media?parent=83987"}],"wp:term":[{"taxonomy":"product_brand","embeddable":true,"href":"https:\/\/www.ernstbrunn-apotheke.at\/katalog\/wp-json\/wp\/v2\/product_brand?post=83987"},{"taxonomy":"product_cat","embeddable":true,"href":"https:\/\/www.ernstbrunn-apotheke.at\/katalog\/wp-json\/wp\/v2\/product_cat?post=83987"},{"taxonomy":"product_tag","embeddable":true,"href":"https:\/\/www.ernstbrunn-apotheke.at\/katalog\/wp-json\/wp\/v2\/product_tag?post=83987"}],"curies":[{"name":"wp","href":"https:\/\/api.w.org\/{rel}","templated":true}]}}