{"id":83810,"date":"2025-11-12T01:04:25","date_gmt":"2025-11-12T00:04:25","guid":{"rendered":"https:\/\/www.ernstbrunn-apotheke.at\/katalog\/produkt\/hyaluron-collagen-hydrolysat-kapseln-2\/"},"modified":"2025-12-08T19:36:02","modified_gmt":"2025-12-08T18:36:02","slug":"hyaluron-collagen-hydrolysat-kapseln-2","status":"publish","type":"product","link":"https:\/\/www.ernstbrunn-apotheke.at\/katalog\/produkt\/hyaluron-collagen-hydrolysat-kapseln-2\/","title":{"rendered":"Hyaluron &#8211; Collagen Hydrolysat Kapseln"},"content":{"rendered":"<p>Hyalurons\u00e4ure \u2013 Collagen Hydrolysat GPH Kapseln enthalten eine Kombination aus Hyalurons\u00e4ure und Collagen Hydrolysat. Diese unterst\u00fctzt die Gesunderhaltung und Beweglichkeit der Gelenke sowie die Regeneration des Hautbildes. Sowohl Hyalurons\u00e4ure als auch Collagen sorgen durch ihre Eigenschaft als Feuchtigkeitsspender f\u00fcr ein frisches Hautbild und sch\u00fctzen die Gelenke durch einen gleit- und sto\u00dfd\u00e4mpfenden Schutzfilm.<\/p>\n","protected":false},"excerpt":{"rendered":"<p>Hyalurons\u00e4ure \u2013 Collagen Hydrolysat GPH Kapseln enthalten eine Kombination aus Hyalurons\u00e4ure und Collagen Hydrolysat. Diese unterst\u00fctzt die Gesunderhaltung und Beweglichkeit der Gelenke sowie die Regeneration des Hautbildes. Sowohl Hyalurons\u00e4ure als auch Collagen sorgen durch ihre Eigenschaft als Feuchtigkeitsspender f\u00fcr ein frisches Hautbild und sch\u00fctzen die Gelenke durch einen gleit- und sto\u00dfd\u00e4mpfenden Schutzfilm.<\/p>\n","protected":false},"featured_media":83812,"template":"","meta":{"_acf_changed":false},"product_brand":[371],"product_cat":[805],"product_tag":[],"class_list":{"0":"post-83810","1":"product","2":"type-product","3":"status-publish","4":"has-post-thumbnail","6":"product_brand-gall-pharma","7":"product_cat-h","8":"pa_packungsgroesse-180-stueck","10":"first","11":"instock","12":"shipping-taxable","13":"purchasable","14":"product-type-simple"},"acf":[],"_links":{"self":[{"href":"https:\/\/www.ernstbrunn-apotheke.at\/katalog\/wp-json\/wp\/v2\/product\/83810","targetHints":{"allow":["GET"]}}],"collection":[{"href":"https:\/\/www.ernstbrunn-apotheke.at\/katalog\/wp-json\/wp\/v2\/product"}],"about":[{"href":"https:\/\/www.ernstbrunn-apotheke.at\/katalog\/wp-json\/wp\/v2\/types\/product"}],"wp:featuredmedia":[{"embeddable":true,"href":"https:\/\/www.ernstbrunn-apotheke.at\/katalog\/wp-json\/wp\/v2\/media\/83812"}],"wp:attachment":[{"href":"https:\/\/www.ernstbrunn-apotheke.at\/katalog\/wp-json\/wp\/v2\/media?parent=83810"}],"wp:term":[{"taxonomy":"product_brand","embeddable":true,"href":"https:\/\/www.ernstbrunn-apotheke.at\/katalog\/wp-json\/wp\/v2\/product_brand?post=83810"},{"taxonomy":"product_cat","embeddable":true,"href":"https:\/\/www.ernstbrunn-apotheke.at\/katalog\/wp-json\/wp\/v2\/product_cat?post=83810"},{"taxonomy":"product_tag","embeddable":true,"href":"https:\/\/www.ernstbrunn-apotheke.at\/katalog\/wp-json\/wp\/v2\/product_tag?post=83810"}],"curies":[{"name":"wp","href":"https:\/\/api.w.org\/{rel}","templated":true}]}}