{"id":83666,"date":"2025-11-11T23:58:29","date_gmt":"2025-11-11T22:58:29","guid":{"rendered":"https:\/\/www.ernstbrunn-apotheke.at\/katalog\/produkt\/bachbluete-apopharm-31-vervain-eisenkraut-20-ml\/"},"modified":"2025-12-08T19:34:57","modified_gmt":"2025-12-08T18:34:57","slug":"bachbluete-apopharm-31-vervain-eisenkraut-20-ml","status":"publish","type":"product","link":"https:\/\/www.ernstbrunn-apotheke.at\/katalog\/produkt\/bachbluete-apopharm-31-vervain-eisenkraut-20-ml\/","title":{"rendered":"Bachbl\u00fcte Apopharm 31 Vervain\/Eisenkraut 20 ml"},"content":{"rendered":"<p>Bachbl\u00fcte Apopharm 31 Vervain\/Eisenkraut erfrischt uns und regt uns an, besonders die Hirnfunktionen und die Konzentration werden gest\u00e4rkt. Das k\u00f6nnen sich zum Beispiel Studenten zunutze machen, die in ihren langen Lesungen die volle Konzentration brauchen. Man kann sich dieses Duft\u00f6l auch zunutze machen, wenn es im Sommer mal wieder schw\u00fcl und hei\u00df ist, denn das \u00e4therische \u00d6l des Eisenkrauts hat eine k\u00fchlende Wirkung.<\/p>\n","protected":false},"excerpt":{"rendered":"<p>Bachbl\u00fcte Apopharm 31 Vervain\/Eisenkraut erfrischt uns und regt uns an, besonders die Hirnfunktionen und die Konzentration werden gest\u00e4rkt. Das k\u00f6nnen sich zum Beispiel Studenten zunutze machen, die in ihren langen Lesungen die volle Konzentration brauchen. Man kann sich dieses Duft\u00f6l auch zunutze machen, wenn es im Sommer mal wieder schw\u00fcl und hei\u00df ist, denn das [&hellip;]<\/p>\n","protected":false},"featured_media":0,"template":"","meta":{"_acf_changed":false},"product_brand":[],"product_cat":[802],"product_tag":[],"class_list":{"0":"post-83666","1":"product","2":"type-product","3":"status-publish","5":"product_cat-b","6":"pa_packungsgroesse-20ml","8":"first","9":"instock","10":"shipping-taxable","11":"purchasable","12":"product-type-simple"},"acf":[],"_links":{"self":[{"href":"https:\/\/www.ernstbrunn-apotheke.at\/katalog\/wp-json\/wp\/v2\/product\/83666","targetHints":{"allow":["GET"]}}],"collection":[{"href":"https:\/\/www.ernstbrunn-apotheke.at\/katalog\/wp-json\/wp\/v2\/product"}],"about":[{"href":"https:\/\/www.ernstbrunn-apotheke.at\/katalog\/wp-json\/wp\/v2\/types\/product"}],"wp:attachment":[{"href":"https:\/\/www.ernstbrunn-apotheke.at\/katalog\/wp-json\/wp\/v2\/media?parent=83666"}],"wp:term":[{"taxonomy":"product_brand","embeddable":true,"href":"https:\/\/www.ernstbrunn-apotheke.at\/katalog\/wp-json\/wp\/v2\/product_brand?post=83666"},{"taxonomy":"product_cat","embeddable":true,"href":"https:\/\/www.ernstbrunn-apotheke.at\/katalog\/wp-json\/wp\/v2\/product_cat?post=83666"},{"taxonomy":"product_tag","embeddable":true,"href":"https:\/\/www.ernstbrunn-apotheke.at\/katalog\/wp-json\/wp\/v2\/product_tag?post=83666"}],"curies":[{"name":"wp","href":"https:\/\/api.w.org\/{rel}","templated":true}]}}