{"id":83535,"date":"2025-11-11T23:56:24","date_gmt":"2025-11-11T22:56:24","guid":{"rendered":"https:\/\/www.ernstbrunn-apotheke.at\/katalog\/produkt\/camu-camu-500mg-kapseln\/"},"modified":"2025-12-08T19:33:53","modified_gmt":"2025-12-08T18:33:53","slug":"camu-camu-500mg-kapseln","status":"publish","type":"product","link":"https:\/\/www.ernstbrunn-apotheke.at\/katalog\/produkt\/camu-camu-500mg-kapseln\/","title":{"rendered":"Camu Camu 500mg Kapseln"},"content":{"rendered":"<p>Gall Pharma Camu Camu 500 mg Kapseln enthalten 500 mg Camu Camu-Fruchtextrakt in einer Hartgelatinekapsel. Camu Camu ist ein niedriger Strauch, der im Regenwald des Amazonasgebietes in S\u00fcdamerika beheimatet ist. Genutzt werden die runden, r\u00f6tlichen Fr\u00fcchte mit ihrem gelben Fruchtfleisch. Traditionell wird daraus ein Saft zubereitet. Die Fr\u00fcchte haben einen gro\u00dfen Gehalt an Vitamin C.<\/p>\n","protected":false},"excerpt":{"rendered":"<p>Gall Pharma Camu Camu 500 mg Kapseln enthalten 500 mg Camu Camu-Fruchtextrakt in einer Hartgelatinekapsel. Camu Camu ist ein niedriger Strauch, der im Regenwald des Amazonasgebietes in S\u00fcdamerika beheimatet ist. Genutzt werden die runden, r\u00f6tlichen Fr\u00fcchte mit ihrem gelben Fruchtfleisch. Traditionell wird daraus ein Saft zubereitet. Die Fr\u00fcchte haben einen gro\u00dfen Gehalt an Vitamin C.<\/p>\n","protected":false},"featured_media":83537,"template":"","meta":{"_acf_changed":false},"product_brand":[371],"product_cat":[812],"product_tag":[],"class_list":{"0":"post-83535","1":"product","2":"type-product","3":"status-publish","4":"has-post-thumbnail","6":"product_brand-gall-pharma","7":"product_cat-c","8":"pa_packungsgroesse-60-stueck","10":"first","11":"instock","12":"shipping-taxable","13":"purchasable","14":"product-type-simple"},"acf":[],"_links":{"self":[{"href":"https:\/\/www.ernstbrunn-apotheke.at\/katalog\/wp-json\/wp\/v2\/product\/83535","targetHints":{"allow":["GET"]}}],"collection":[{"href":"https:\/\/www.ernstbrunn-apotheke.at\/katalog\/wp-json\/wp\/v2\/product"}],"about":[{"href":"https:\/\/www.ernstbrunn-apotheke.at\/katalog\/wp-json\/wp\/v2\/types\/product"}],"wp:featuredmedia":[{"embeddable":true,"href":"https:\/\/www.ernstbrunn-apotheke.at\/katalog\/wp-json\/wp\/v2\/media\/83537"}],"wp:attachment":[{"href":"https:\/\/www.ernstbrunn-apotheke.at\/katalog\/wp-json\/wp\/v2\/media?parent=83535"}],"wp:term":[{"taxonomy":"product_brand","embeddable":true,"href":"https:\/\/www.ernstbrunn-apotheke.at\/katalog\/wp-json\/wp\/v2\/product_brand?post=83535"},{"taxonomy":"product_cat","embeddable":true,"href":"https:\/\/www.ernstbrunn-apotheke.at\/katalog\/wp-json\/wp\/v2\/product_cat?post=83535"},{"taxonomy":"product_tag","embeddable":true,"href":"https:\/\/www.ernstbrunn-apotheke.at\/katalog\/wp-json\/wp\/v2\/product_tag?post=83535"}],"curies":[{"name":"wp","href":"https:\/\/api.w.org\/{rel}","templated":true}]}}