{"id":83399,"date":"2025-11-11T23:53:18","date_gmt":"2025-11-11T22:53:18","guid":{"rendered":"https:\/\/www.ernstbrunn-apotheke.at\/katalog\/produkt\/sanoll-duschoel-mohnbluete-200-ml\/"},"modified":"2025-12-08T19:32:51","modified_gmt":"2025-12-08T18:32:51","slug":"sanoll-duschoel-mohnbluete-200-ml","status":"publish","type":"product","link":"https:\/\/www.ernstbrunn-apotheke.at\/katalog\/produkt\/sanoll-duschoel-mohnbluete-200-ml\/","title":{"rendered":"Sanoll Dusch\u00f6l Mohnbl\u00fcte 200 ml"},"content":{"rendered":"<p>Genie\u00dfen Sie mit Sanoll Dusch\u00f6l Mohnbl\u00fcte einen zart herben Duft und eine cremige Pflege. Duschbad und Bodylotion in Einem! Intensive Pflege durch den besonders hohen Anteil biologischer Pflanzen\u00f6le und hochwertigen \u00e4therischen \u00d6len. Tipp: Bei sehr trockenem Haar auch zum Haarewaschen.<\/p>\n","protected":false},"excerpt":{"rendered":"<p>Genie\u00dfen Sie mit Sanoll Dusch\u00f6l Mohnbl\u00fcte einen zart herben Duft und eine cremige Pflege. Duschbad und Bodylotion in Einem! Intensive Pflege durch den besonders hohen Anteil biologischer Pflanzen\u00f6le und hochwertigen \u00e4therischen \u00d6len. Tipp: Bei sehr trockenem Haar auch zum Haarewaschen.<\/p>\n","protected":false},"featured_media":83401,"template":"","meta":{"_acf_changed":false},"product_brand":[],"product_cat":[791],"product_tag":[],"class_list":{"0":"post-83399","1":"product","2":"type-product","3":"status-publish","4":"has-post-thumbnail","6":"product_cat-s","7":"pa_packungsgroesse-200ml","9":"first","10":"instock","11":"shipping-taxable","12":"purchasable","13":"product-type-simple"},"acf":[],"_links":{"self":[{"href":"https:\/\/www.ernstbrunn-apotheke.at\/katalog\/wp-json\/wp\/v2\/product\/83399","targetHints":{"allow":["GET"]}}],"collection":[{"href":"https:\/\/www.ernstbrunn-apotheke.at\/katalog\/wp-json\/wp\/v2\/product"}],"about":[{"href":"https:\/\/www.ernstbrunn-apotheke.at\/katalog\/wp-json\/wp\/v2\/types\/product"}],"wp:featuredmedia":[{"embeddable":true,"href":"https:\/\/www.ernstbrunn-apotheke.at\/katalog\/wp-json\/wp\/v2\/media\/83401"}],"wp:attachment":[{"href":"https:\/\/www.ernstbrunn-apotheke.at\/katalog\/wp-json\/wp\/v2\/media?parent=83399"}],"wp:term":[{"taxonomy":"product_brand","embeddable":true,"href":"https:\/\/www.ernstbrunn-apotheke.at\/katalog\/wp-json\/wp\/v2\/product_brand?post=83399"},{"taxonomy":"product_cat","embeddable":true,"href":"https:\/\/www.ernstbrunn-apotheke.at\/katalog\/wp-json\/wp\/v2\/product_cat?post=83399"},{"taxonomy":"product_tag","embeddable":true,"href":"https:\/\/www.ernstbrunn-apotheke.at\/katalog\/wp-json\/wp\/v2\/product_tag?post=83399"}],"curies":[{"name":"wp","href":"https:\/\/api.w.org\/{rel}","templated":true}]}}