{"id":83313,"date":"2025-11-11T23:52:26","date_gmt":"2025-11-11T22:52:26","guid":{"rendered":"https:\/\/www.ernstbrunn-apotheke.at\/katalog\/produkt\/bios-cranberry-400-mg-kapseln\/"},"modified":"2025-12-08T19:32:23","modified_gmt":"2025-12-08T18:32:23","slug":"bios-cranberry-400-mg-kapseln","status":"publish","type":"product","link":"https:\/\/www.ernstbrunn-apotheke.at\/katalog\/produkt\/bios-cranberry-400-mg-kapseln\/","title":{"rendered":"Bios Cranberry 400 mg Kapseln"},"content":{"rendered":"<p>Bios Cranberry 400 mg Kapseln enthalten 400 mg Cranberry Fruchtkonzentrat in einer Hartgelatinekapsel. Die Preiselbeere geh\u00f6rt zu den Heidekrautgew\u00e4chsen. Die reifen Fr\u00fcchte schmecken roh s\u00e4uerlich-herb, k\u00f6nnen zu Marmeladen, Fruchtmusen, Kompott oder Saft verarbeitet werden und enthalten viel Vitamin C, etwas Vitamin A sowie Fruchts\u00e4uren und Gerbstoffe.<\/p>\n","protected":false},"excerpt":{"rendered":"<p>Bios Cranberry 400 mg Kapseln enthalten 400 mg Cranberry Fruchtkonzentrat in einer Hartgelatinekapsel. Die Preiselbeere geh\u00f6rt zu den Heidekrautgew\u00e4chsen. Die reifen Fr\u00fcchte schmecken roh s\u00e4uerlich-herb, k\u00f6nnen zu Marmeladen, Fruchtmusen, Kompott oder Saft verarbeitet werden und enthalten viel Vitamin C, etwas Vitamin A sowie Fruchts\u00e4uren und Gerbstoffe.<\/p>\n","protected":false},"featured_media":83315,"template":"","meta":{"_acf_changed":false},"product_brand":[],"product_cat":[802],"product_tag":[],"class_list":{"0":"post-83313","1":"product","2":"type-product","3":"status-publish","4":"has-post-thumbnail","6":"product_cat-b","7":"pa_packungsgroesse-100-stueck","9":"first","10":"instock","11":"shipping-taxable","12":"purchasable","13":"product-type-simple"},"acf":[],"_links":{"self":[{"href":"https:\/\/www.ernstbrunn-apotheke.at\/katalog\/wp-json\/wp\/v2\/product\/83313","targetHints":{"allow":["GET"]}}],"collection":[{"href":"https:\/\/www.ernstbrunn-apotheke.at\/katalog\/wp-json\/wp\/v2\/product"}],"about":[{"href":"https:\/\/www.ernstbrunn-apotheke.at\/katalog\/wp-json\/wp\/v2\/types\/product"}],"wp:featuredmedia":[{"embeddable":true,"href":"https:\/\/www.ernstbrunn-apotheke.at\/katalog\/wp-json\/wp\/v2\/media\/83315"}],"wp:attachment":[{"href":"https:\/\/www.ernstbrunn-apotheke.at\/katalog\/wp-json\/wp\/v2\/media?parent=83313"}],"wp:term":[{"taxonomy":"product_brand","embeddable":true,"href":"https:\/\/www.ernstbrunn-apotheke.at\/katalog\/wp-json\/wp\/v2\/product_brand?post=83313"},{"taxonomy":"product_cat","embeddable":true,"href":"https:\/\/www.ernstbrunn-apotheke.at\/katalog\/wp-json\/wp\/v2\/product_cat?post=83313"},{"taxonomy":"product_tag","embeddable":true,"href":"https:\/\/www.ernstbrunn-apotheke.at\/katalog\/wp-json\/wp\/v2\/product_tag?post=83313"}],"curies":[{"name":"wp","href":"https:\/\/api.w.org\/{rel}","templated":true}]}}