{"id":8315,"date":"2025-11-07T13:40:14","date_gmt":"2025-11-07T12:40:14","guid":{"rendered":"https:\/\/www.ernstbrunn-apotheke.at\/katalog\/produkt\/vismed-einmaldosen-03-m\/"},"modified":"2025-12-08T13:25:23","modified_gmt":"2025-12-08T12:25:23","slug":"vismed-einmaldosen-03-m","status":"publish","type":"product","link":"https:\/\/www.ernstbrunn-apotheke.at\/katalog\/produkt\/vismed-einmaldosen-03-m\/","title":{"rendered":"Vismed Einmaldosen 0,3 m"},"content":{"rendered":"<p>Vismed Einmaldosen 0,3 ml k\u00f6nnen Sie zur Benetzung Ihrer Augen bei einem subjektiv empfundenen Trockenheitsgef\u00fchl, bei brennenden und m\u00fcden Augen und bei anderen unerheblichen Befindlichkeitsst\u00f6rungen ohne Krankheitswert anwenden.<\/p>\n","protected":false},"excerpt":{"rendered":"<p>Vismed Einmaldosen 0,3 ml k\u00f6nnen Sie zur Benetzung Ihrer Augen bei einem subjektiv empfundenen Trockenheitsgef\u00fchl, bei brennenden und m\u00fcden Augen und bei anderen unerheblichen Befindlichkeitsst\u00f6rungen ohne Krankheitswert anwenden.<\/p>\n","protected":false},"featured_media":8317,"template":"","meta":{"_acf_changed":false},"product_brand":[],"product_cat":[799],"product_tag":[],"class_list":{"0":"post-8315","1":"product","2":"type-product","3":"status-publish","4":"has-post-thumbnail","6":"product_cat-v","7":"pa_packungsgroesse-20-stueck","8":"pa_packungsgroesse-60-stueck","10":"first","11":"instock","12":"shipping-taxable","13":"purchasable","14":"product-type-simple"},"acf":[],"_links":{"self":[{"href":"https:\/\/www.ernstbrunn-apotheke.at\/katalog\/wp-json\/wp\/v2\/product\/8315","targetHints":{"allow":["GET"]}}],"collection":[{"href":"https:\/\/www.ernstbrunn-apotheke.at\/katalog\/wp-json\/wp\/v2\/product"}],"about":[{"href":"https:\/\/www.ernstbrunn-apotheke.at\/katalog\/wp-json\/wp\/v2\/types\/product"}],"wp:featuredmedia":[{"embeddable":true,"href":"https:\/\/www.ernstbrunn-apotheke.at\/katalog\/wp-json\/wp\/v2\/media\/8317"}],"wp:attachment":[{"href":"https:\/\/www.ernstbrunn-apotheke.at\/katalog\/wp-json\/wp\/v2\/media?parent=8315"}],"wp:term":[{"taxonomy":"product_brand","embeddable":true,"href":"https:\/\/www.ernstbrunn-apotheke.at\/katalog\/wp-json\/wp\/v2\/product_brand?post=8315"},{"taxonomy":"product_cat","embeddable":true,"href":"https:\/\/www.ernstbrunn-apotheke.at\/katalog\/wp-json\/wp\/v2\/product_cat?post=8315"},{"taxonomy":"product_tag","embeddable":true,"href":"https:\/\/www.ernstbrunn-apotheke.at\/katalog\/wp-json\/wp\/v2\/product_tag?post=8315"}],"curies":[{"name":"wp","href":"https:\/\/api.w.org\/{rel}","templated":true}]}}