{"id":83041,"date":"2025-11-11T23:47:17","date_gmt":"2025-11-11T22:47:17","guid":{"rendered":"https:\/\/www.ernstbrunn-apotheke.at\/katalog\/produkt\/apofit-sanddorn-oel-100-ml\/"},"modified":"2025-12-08T19:30:37","modified_gmt":"2025-12-08T18:30:37","slug":"apofit-sanddorn-oel-100-ml","status":"publish","type":"product","link":"https:\/\/www.ernstbrunn-apotheke.at\/katalog\/produkt\/apofit-sanddorn-oel-100-ml\/","title":{"rendered":"Apofit Sanddorn \u00d6l 100 ml"},"content":{"rendered":"<p>Apofit Sanddorn \u00d6l wirkt Hautsch\u00e4den entgegen, repariert die Haut und wirkt entz\u00fcndungshemmend. Das \u00d6l ist besonders wirksam bei reifer Haut und beruhigend bei trockener, ger\u00f6teter Haut. Es regeneriert und beruhigt stark beanspruchte Haut und st\u00e4rkt zudem die hauteigene Schutzbarriere und schenkt der Haut neue Kraft.<\/p>\n","protected":false},"excerpt":{"rendered":"<p>Apofit Sanddorn \u00d6l wirkt Hautsch\u00e4den entgegen, repariert die Haut und wirkt entz\u00fcndungshemmend. Das \u00d6l ist besonders wirksam bei reifer Haut und beruhigend bei trockener, ger\u00f6teter Haut. Es regeneriert und beruhigt stark beanspruchte Haut und st\u00e4rkt zudem die hauteigene Schutzbarriere und schenkt der Haut neue Kraft.<\/p>\n","protected":false},"featured_media":83043,"template":"","meta":{"_acf_changed":false},"product_brand":[584],"product_cat":[801],"product_tag":[],"class_list":{"0":"post-83041","1":"product","2":"type-product","3":"status-publish","4":"has-post-thumbnail","6":"product_brand-apofit","7":"product_cat-a","8":"pa_packungsgroesse-100ml","10":"first","11":"instock","12":"shipping-taxable","13":"purchasable","14":"product-type-simple"},"acf":[],"_links":{"self":[{"href":"https:\/\/www.ernstbrunn-apotheke.at\/katalog\/wp-json\/wp\/v2\/product\/83041","targetHints":{"allow":["GET"]}}],"collection":[{"href":"https:\/\/www.ernstbrunn-apotheke.at\/katalog\/wp-json\/wp\/v2\/product"}],"about":[{"href":"https:\/\/www.ernstbrunn-apotheke.at\/katalog\/wp-json\/wp\/v2\/types\/product"}],"wp:featuredmedia":[{"embeddable":true,"href":"https:\/\/www.ernstbrunn-apotheke.at\/katalog\/wp-json\/wp\/v2\/media\/83043"}],"wp:attachment":[{"href":"https:\/\/www.ernstbrunn-apotheke.at\/katalog\/wp-json\/wp\/v2\/media?parent=83041"}],"wp:term":[{"taxonomy":"product_brand","embeddable":true,"href":"https:\/\/www.ernstbrunn-apotheke.at\/katalog\/wp-json\/wp\/v2\/product_brand?post=83041"},{"taxonomy":"product_cat","embeddable":true,"href":"https:\/\/www.ernstbrunn-apotheke.at\/katalog\/wp-json\/wp\/v2\/product_cat?post=83041"},{"taxonomy":"product_tag","embeddable":true,"href":"https:\/\/www.ernstbrunn-apotheke.at\/katalog\/wp-json\/wp\/v2\/product_tag?post=83041"}],"curies":[{"name":"wp","href":"https:\/\/api.w.org\/{rel}","templated":true}]}}