{"id":82730,"date":"2025-11-11T23:41:35","date_gmt":"2025-11-11T22:41:35","guid":{"rendered":"https:\/\/www.ernstbrunn-apotheke.at\/katalog\/produkt\/npd-sesam-oel-bio-1000-ml\/"},"modified":"2025-12-08T19:28:27","modified_gmt":"2025-12-08T18:28:27","slug":"npd-sesam-oel-bio-1000-ml","status":"publish","type":"product","link":"https:\/\/www.ernstbrunn-apotheke.at\/katalog\/produkt\/npd-sesam-oel-bio-1000-ml\/","title":{"rendered":"NPD Sesam \u00d6l Bio 1000 ml"},"content":{"rendered":"<p>NPD ist ein Unternehmen mit einer Vielfalt an Natur\u00f6len, Pulver, Extrakten, Nahrungserg\u00e4nzungsmitteln und Kosmetikartikeln.<\/p>\n","protected":false},"excerpt":{"rendered":"<p>NPD ist ein Unternehmen mit einer Vielfalt an Natur\u00f6len, Pulver, Extrakten, Nahrungserg\u00e4nzungsmitteln und Kosmetikartikeln.<\/p>\n","protected":false},"featured_media":82732,"template":"","meta":{"_acf_changed":false},"product_brand":[],"product_cat":[797],"product_tag":[],"class_list":{"0":"post-82730","1":"product","2":"type-product","3":"status-publish","4":"has-post-thumbnail","6":"product_cat-n","7":"pa_packungsgroesse-1l","9":"first","10":"instock","11":"shipping-taxable","12":"purchasable","13":"product-type-simple"},"acf":[],"_links":{"self":[{"href":"https:\/\/www.ernstbrunn-apotheke.at\/katalog\/wp-json\/wp\/v2\/product\/82730","targetHints":{"allow":["GET"]}}],"collection":[{"href":"https:\/\/www.ernstbrunn-apotheke.at\/katalog\/wp-json\/wp\/v2\/product"}],"about":[{"href":"https:\/\/www.ernstbrunn-apotheke.at\/katalog\/wp-json\/wp\/v2\/types\/product"}],"wp:featuredmedia":[{"embeddable":true,"href":"https:\/\/www.ernstbrunn-apotheke.at\/katalog\/wp-json\/wp\/v2\/media\/82732"}],"wp:attachment":[{"href":"https:\/\/www.ernstbrunn-apotheke.at\/katalog\/wp-json\/wp\/v2\/media?parent=82730"}],"wp:term":[{"taxonomy":"product_brand","embeddable":true,"href":"https:\/\/www.ernstbrunn-apotheke.at\/katalog\/wp-json\/wp\/v2\/product_brand?post=82730"},{"taxonomy":"product_cat","embeddable":true,"href":"https:\/\/www.ernstbrunn-apotheke.at\/katalog\/wp-json\/wp\/v2\/product_cat?post=82730"},{"taxonomy":"product_tag","embeddable":true,"href":"https:\/\/www.ernstbrunn-apotheke.at\/katalog\/wp-json\/wp\/v2\/product_tag?post=82730"}],"curies":[{"name":"wp","href":"https:\/\/api.w.org\/{rel}","templated":true}]}}