{"id":82636,"date":"2025-11-11T23:40:26","date_gmt":"2025-11-11T22:40:26","guid":{"rendered":"https:\/\/www.ernstbrunn-apotheke.at\/katalog\/produkt\/tena-inkontinenz-lady-mini-ultra-28-stk\/"},"modified":"2025-12-08T19:27:48","modified_gmt":"2025-12-08T18:27:48","slug":"tena-inkontinenz-lady-mini-ultra-28-stk","status":"publish","type":"product","link":"https:\/\/www.ernstbrunn-apotheke.at\/katalog\/produkt\/tena-inkontinenz-lady-mini-ultra-28-stk\/","title":{"rendered":"Tena Inkontinenz Lady Mini\/ultra 28 Stk."},"content":{"rendered":"<p>Tena Inkontinenz Lady Mini\/ultra bietet Ihnen Dreifachschutz vor Auslaufen, Feuchtigkeit und Ger\u00fcchen. F\u00fcr leichte Blasenschw\u00e4che, vergleichbar in der Gr\u00f6\u00dfe mit einer kleinen Damenbinde. Die k\u00f6rpernahe Trockenzone bietet schnellen und diskreten Schutz f\u00fcr Sicherheit, Komfort und ein trockenes Gef\u00fchl.<\/p>\n","protected":false},"excerpt":{"rendered":"<p>Tena Inkontinenz Lady Mini\/ultra bietet Ihnen Dreifachschutz vor Auslaufen, Feuchtigkeit und Ger\u00fcchen. F\u00fcr leichte Blasenschw\u00e4che, vergleichbar in der Gr\u00f6\u00dfe mit einer kleinen Damenbinde. Die k\u00f6rpernahe Trockenzone bietet schnellen und diskreten Schutz f\u00fcr Sicherheit, Komfort und ein trockenes Gef\u00fchl.<\/p>\n","protected":false},"featured_media":0,"template":"","meta":{"_acf_changed":false},"product_brand":[970],"product_cat":[798],"product_tag":[],"class_list":{"0":"post-82636","1":"product","2":"type-product","3":"status-publish","5":"product_brand-tena","6":"product_cat-t","7":"pa_packungsgroesse-28-stueck","9":"first","10":"instock","11":"shipping-taxable","12":"purchasable","13":"product-type-simple"},"acf":[],"_links":{"self":[{"href":"https:\/\/www.ernstbrunn-apotheke.at\/katalog\/wp-json\/wp\/v2\/product\/82636","targetHints":{"allow":["GET"]}}],"collection":[{"href":"https:\/\/www.ernstbrunn-apotheke.at\/katalog\/wp-json\/wp\/v2\/product"}],"about":[{"href":"https:\/\/www.ernstbrunn-apotheke.at\/katalog\/wp-json\/wp\/v2\/types\/product"}],"wp:attachment":[{"href":"https:\/\/www.ernstbrunn-apotheke.at\/katalog\/wp-json\/wp\/v2\/media?parent=82636"}],"wp:term":[{"taxonomy":"product_brand","embeddable":true,"href":"https:\/\/www.ernstbrunn-apotheke.at\/katalog\/wp-json\/wp\/v2\/product_brand?post=82636"},{"taxonomy":"product_cat","embeddable":true,"href":"https:\/\/www.ernstbrunn-apotheke.at\/katalog\/wp-json\/wp\/v2\/product_cat?post=82636"},{"taxonomy":"product_tag","embeddable":true,"href":"https:\/\/www.ernstbrunn-apotheke.at\/katalog\/wp-json\/wp\/v2\/product_tag?post=82636"}],"curies":[{"name":"wp","href":"https:\/\/api.w.org\/{rel}","templated":true}]}}