{"id":82352,"date":"2025-11-11T23:35:14","date_gmt":"2025-11-11T22:35:14","guid":{"rendered":"https:\/\/www.ernstbrunn-apotheke.at\/katalog\/produkt\/hipp-milchnahrung-bio-pre-2000-600-g\/"},"modified":"2025-12-08T19:25:52","modified_gmt":"2025-12-08T18:25:52","slug":"hipp-milchnahrung-bio-pre-2000-600-g","status":"publish","type":"product","link":"https:\/\/www.ernstbrunn-apotheke.at\/katalog\/produkt\/hipp-milchnahrung-bio-pre-2000-600-g\/","title":{"rendered":"Hipp Milchnahrung Bio Pre 2000 600 g"},"content":{"rendered":"<p>Hipp Pre Bio Anfangsmilch, nat\u00fcrlich in HiPP BIO Qualit\u00e4t &#8211; mit dem besten aus der Natur. Enth\u00e4lt alle wichtigen N\u00e4hrstoffe f\u00fcr eine gesunde Entwicklung Ihres Babys. Enth\u00e4lt DHA &#8211; gesetzlich f\u00fcr S\u00e4uglingsanfangsnahrung vorgeschrieben. In der \u00d6kotest Ausgabe 05\/2019 mit &#8222;gut&#8220; bewertet..<\/p>\n","protected":false},"excerpt":{"rendered":"<p>Hipp Pre Bio Anfangsmilch, nat\u00fcrlich in HiPP BIO Qualit\u00e4t &#8211; mit dem besten aus der Natur. Enth\u00e4lt alle wichtigen N\u00e4hrstoffe f\u00fcr eine gesunde Entwicklung Ihres Babys. Enth\u00e4lt DHA &#8211; gesetzlich f\u00fcr S\u00e4uglingsanfangsnahrung vorgeschrieben. In der \u00d6kotest Ausgabe 05\/2019 mit &#8222;gut&#8220; bewertet..<\/p>\n","protected":false},"featured_media":82354,"template":"","meta":{"_acf_changed":false},"product_brand":[],"product_cat":[805],"product_tag":[],"class_list":{"0":"post-82352","1":"product","2":"type-product","3":"status-publish","4":"has-post-thumbnail","6":"product_cat-h","7":"pa_packungsgroesse-600g","9":"first","10":"instock","11":"shipping-taxable","12":"purchasable","13":"product-type-simple"},"acf":[],"_links":{"self":[{"href":"https:\/\/www.ernstbrunn-apotheke.at\/katalog\/wp-json\/wp\/v2\/product\/82352","targetHints":{"allow":["GET"]}}],"collection":[{"href":"https:\/\/www.ernstbrunn-apotheke.at\/katalog\/wp-json\/wp\/v2\/product"}],"about":[{"href":"https:\/\/www.ernstbrunn-apotheke.at\/katalog\/wp-json\/wp\/v2\/types\/product"}],"wp:featuredmedia":[{"embeddable":true,"href":"https:\/\/www.ernstbrunn-apotheke.at\/katalog\/wp-json\/wp\/v2\/media\/82354"}],"wp:attachment":[{"href":"https:\/\/www.ernstbrunn-apotheke.at\/katalog\/wp-json\/wp\/v2\/media?parent=82352"}],"wp:term":[{"taxonomy":"product_brand","embeddable":true,"href":"https:\/\/www.ernstbrunn-apotheke.at\/katalog\/wp-json\/wp\/v2\/product_brand?post=82352"},{"taxonomy":"product_cat","embeddable":true,"href":"https:\/\/www.ernstbrunn-apotheke.at\/katalog\/wp-json\/wp\/v2\/product_cat?post=82352"},{"taxonomy":"product_tag","embeddable":true,"href":"https:\/\/www.ernstbrunn-apotheke.at\/katalog\/wp-json\/wp\/v2\/product_tag?post=82352"}],"curies":[{"name":"wp","href":"https:\/\/api.w.org\/{rel}","templated":true}]}}