{"id":82317,"date":"2025-11-11T23:34:38","date_gmt":"2025-11-11T22:34:38","guid":{"rendered":"https:\/\/www.ernstbrunn-apotheke.at\/katalog\/produkt\/mvo-gruener-lehm\/"},"modified":"2025-12-08T19:25:28","modified_gmt":"2025-12-08T18:25:28","slug":"mvo-gruener-lehm","status":"publish","type":"product","link":"https:\/\/www.ernstbrunn-apotheke.at\/katalog\/produkt\/mvo-gruener-lehm\/","title":{"rendered":"MVO Gr\u00fcner Lehm"},"content":{"rendered":"<p>&#8222;Anwendungsempfehlung: In einer Schale 2-3 Essl\u00f6ffel Tonerde mit etwas Wasser vermengen, kurz ruhen lassen, dann mit einem Spatel zu einer geschmeidigen Paste verr\u00fchren. D\u00fcnn auftragen und 10 Minuten einwirken lassen und mit lauwarmen Wasser absp\u00fclen. Kann auch als Badezusatz verwendet werden. Inhalt: 200g&#8220;<\/p>\n","protected":false},"excerpt":{"rendered":"<p>&#8222;Anwendungsempfehlung: In einer Schale 2-3 Essl\u00f6ffel Tonerde mit etwas Wasser vermengen, kurz ruhen lassen, dann mit einem Spatel zu einer geschmeidigen Paste verr\u00fchren. D\u00fcnn auftragen und 10 Minuten einwirken lassen und mit lauwarmen Wasser absp\u00fclen. Kann auch als Badezusatz verwendet werden. Inhalt: 200g&#8220;<\/p>\n","protected":false},"featured_media":82319,"template":"","meta":{"_acf_changed":false},"product_brand":[],"product_cat":[800],"product_tag":[],"class_list":{"0":"post-82317","1":"product","2":"type-product","3":"status-publish","4":"has-post-thumbnail","6":"product_cat-m","7":"pa_packungsgroesse-200g","9":"first","10":"instock","11":"shipping-taxable","12":"purchasable","13":"product-type-simple"},"acf":[],"_links":{"self":[{"href":"https:\/\/www.ernstbrunn-apotheke.at\/katalog\/wp-json\/wp\/v2\/product\/82317","targetHints":{"allow":["GET"]}}],"collection":[{"href":"https:\/\/www.ernstbrunn-apotheke.at\/katalog\/wp-json\/wp\/v2\/product"}],"about":[{"href":"https:\/\/www.ernstbrunn-apotheke.at\/katalog\/wp-json\/wp\/v2\/types\/product"}],"wp:featuredmedia":[{"embeddable":true,"href":"https:\/\/www.ernstbrunn-apotheke.at\/katalog\/wp-json\/wp\/v2\/media\/82319"}],"wp:attachment":[{"href":"https:\/\/www.ernstbrunn-apotheke.at\/katalog\/wp-json\/wp\/v2\/media?parent=82317"}],"wp:term":[{"taxonomy":"product_brand","embeddable":true,"href":"https:\/\/www.ernstbrunn-apotheke.at\/katalog\/wp-json\/wp\/v2\/product_brand?post=82317"},{"taxonomy":"product_cat","embeddable":true,"href":"https:\/\/www.ernstbrunn-apotheke.at\/katalog\/wp-json\/wp\/v2\/product_cat?post=82317"},{"taxonomy":"product_tag","embeddable":true,"href":"https:\/\/www.ernstbrunn-apotheke.at\/katalog\/wp-json\/wp\/v2\/product_tag?post=82317"}],"curies":[{"name":"wp","href":"https:\/\/api.w.org\/{rel}","templated":true}]}}