{"id":82250,"date":"2025-11-11T23:32:50","date_gmt":"2025-11-11T22:32:50","guid":{"rendered":"https:\/\/www.ernstbrunn-apotheke.at\/katalog\/produkt\/stimaral-kraeuterextrakt-tropfen-30-ml\/"},"modified":"2025-12-08T19:25:00","modified_gmt":"2025-12-08T18:25:00","slug":"stimaral-kraeuterextrakt-tropfen-30-ml","status":"publish","type":"product","link":"https:\/\/www.ernstbrunn-apotheke.at\/katalog\/produkt\/stimaral-kraeuterextrakt-tropfen-30-ml\/","title":{"rendered":"Stimaral Kr\u00e4uterextrakt Tropfen 30 ml"},"content":{"rendered":"<p>Stimeral Kr\u00e4uterextrakt Tropfen sind f\u00fcr alle geeignet, die an einem Energiemangel leiden. Dieses Mittel mit kr\u00e4ftigender und adaptogener Wirkung stimuliert ohne Koffein, harmonisiert und schont dabei den K\u00f6rper.<\/p>\n","protected":false},"excerpt":{"rendered":"<p>Stimeral Kr\u00e4uterextrakt Tropfen sind f\u00fcr alle geeignet, die an einem Energiemangel leiden. Dieses Mittel mit kr\u00e4ftigender und adaptogener Wirkung stimuliert ohne Koffein, harmonisiert und schont dabei den K\u00f6rper.<\/p>\n","protected":false},"featured_media":82252,"template":"","meta":{"_acf_changed":false},"product_brand":[],"product_cat":[791],"product_tag":[],"class_list":{"0":"post-82250","1":"product","2":"type-product","3":"status-publish","4":"has-post-thumbnail","6":"product_cat-s","7":"pa_packungsgroesse-30ml","9":"first","10":"instock","11":"shipping-taxable","12":"purchasable","13":"product-type-simple"},"acf":[],"_links":{"self":[{"href":"https:\/\/www.ernstbrunn-apotheke.at\/katalog\/wp-json\/wp\/v2\/product\/82250","targetHints":{"allow":["GET"]}}],"collection":[{"href":"https:\/\/www.ernstbrunn-apotheke.at\/katalog\/wp-json\/wp\/v2\/product"}],"about":[{"href":"https:\/\/www.ernstbrunn-apotheke.at\/katalog\/wp-json\/wp\/v2\/types\/product"}],"wp:featuredmedia":[{"embeddable":true,"href":"https:\/\/www.ernstbrunn-apotheke.at\/katalog\/wp-json\/wp\/v2\/media\/82252"}],"wp:attachment":[{"href":"https:\/\/www.ernstbrunn-apotheke.at\/katalog\/wp-json\/wp\/v2\/media?parent=82250"}],"wp:term":[{"taxonomy":"product_brand","embeddable":true,"href":"https:\/\/www.ernstbrunn-apotheke.at\/katalog\/wp-json\/wp\/v2\/product_brand?post=82250"},{"taxonomy":"product_cat","embeddable":true,"href":"https:\/\/www.ernstbrunn-apotheke.at\/katalog\/wp-json\/wp\/v2\/product_cat?post=82250"},{"taxonomy":"product_tag","embeddable":true,"href":"https:\/\/www.ernstbrunn-apotheke.at\/katalog\/wp-json\/wp\/v2\/product_tag?post=82250"}],"curies":[{"name":"wp","href":"https:\/\/api.w.org\/{rel}","templated":true}]}}