{"id":81844,"date":"2025-11-11T23:26:01","date_gmt":"2025-11-11T22:26:01","guid":{"rendered":"https:\/\/www.ernstbrunn-apotheke.at\/katalog\/produkt\/biotin-25mg-kapseln-2\/"},"modified":"2025-12-08T19:22:09","modified_gmt":"2025-12-08T18:22:09","slug":"biotin-25mg-kapseln-2","status":"publish","type":"product","link":"https:\/\/www.ernstbrunn-apotheke.at\/katalog\/produkt\/biotin-25mg-kapseln-2\/","title":{"rendered":"Biotin 2,5mg Kapseln"},"content":{"rendered":"<p>Biotin 2,5 mg GPH Kapseln enthalten Biotin, das an der Gesunderhaltung von Haut und deren Anhangsgebilden (Haare und N\u00e4gel) beteiligt ist. Biotin ist mitverantwortlich f\u00fcr die Bildung von Keratin und Kollagen. Diese tragen dazu bei, dass Haut, Haare und N\u00e4gel fest und elastisch bleiben. Ursachen f\u00fcr einen erh\u00f6hten Biotinbedarf k\u00f6nnen neben einer unausgewogenen Ern\u00e4hrungsweise oder Di\u00e4ten auch eine eingeschr\u00e4nkte Funktion der Darmflora sein .<\/p>\n","protected":false},"excerpt":{"rendered":"<p>Biotin 2,5 mg GPH Kapseln enthalten Biotin, das an der Gesunderhaltung von Haut und deren Anhangsgebilden (Haare und N\u00e4gel) beteiligt ist. Biotin ist mitverantwortlich f\u00fcr die Bildung von Keratin und Kollagen. Diese tragen dazu bei, dass Haut, Haare und N\u00e4gel fest und elastisch bleiben. Ursachen f\u00fcr einen erh\u00f6hten Biotinbedarf k\u00f6nnen neben einer unausgewogenen Ern\u00e4hrungsweise oder [&hellip;]<\/p>\n","protected":false},"featured_media":81846,"template":"","meta":{"_acf_changed":false},"product_brand":[371],"product_cat":[802],"product_tag":[],"class_list":{"0":"post-81844","1":"product","2":"type-product","3":"status-publish","4":"has-post-thumbnail","6":"product_brand-gall-pharma","7":"product_cat-b","8":"pa_packungsgroesse-30-stueck","9":"pa_packungsgroesse-90-stueck","11":"first","12":"instock","13":"shipping-taxable","14":"purchasable","15":"product-type-simple"},"acf":[],"_links":{"self":[{"href":"https:\/\/www.ernstbrunn-apotheke.at\/katalog\/wp-json\/wp\/v2\/product\/81844","targetHints":{"allow":["GET"]}}],"collection":[{"href":"https:\/\/www.ernstbrunn-apotheke.at\/katalog\/wp-json\/wp\/v2\/product"}],"about":[{"href":"https:\/\/www.ernstbrunn-apotheke.at\/katalog\/wp-json\/wp\/v2\/types\/product"}],"wp:featuredmedia":[{"embeddable":true,"href":"https:\/\/www.ernstbrunn-apotheke.at\/katalog\/wp-json\/wp\/v2\/media\/81846"}],"wp:attachment":[{"href":"https:\/\/www.ernstbrunn-apotheke.at\/katalog\/wp-json\/wp\/v2\/media?parent=81844"}],"wp:term":[{"taxonomy":"product_brand","embeddable":true,"href":"https:\/\/www.ernstbrunn-apotheke.at\/katalog\/wp-json\/wp\/v2\/product_brand?post=81844"},{"taxonomy":"product_cat","embeddable":true,"href":"https:\/\/www.ernstbrunn-apotheke.at\/katalog\/wp-json\/wp\/v2\/product_cat?post=81844"},{"taxonomy":"product_tag","embeddable":true,"href":"https:\/\/www.ernstbrunn-apotheke.at\/katalog\/wp-json\/wp\/v2\/product_tag?post=81844"}],"curies":[{"name":"wp","href":"https:\/\/api.w.org\/{rel}","templated":true}]}}