{"id":81588,"date":"2025-11-11T23:21:07","date_gmt":"2025-11-11T22:21:07","guid":{"rendered":"https:\/\/www.ernstbrunn-apotheke.at\/katalog\/produkt\/zeinpharma-vitamin-d3-kapseln-5-000-i-e-wochendepot-90-stk\/"},"modified":"2025-12-08T19:20:31","modified_gmt":"2025-12-08T18:20:31","slug":"zeinpharma-vitamin-d3-kapseln-5-000-i-e-wochendepot-90-stk","status":"publish","type":"product","link":"https:\/\/www.ernstbrunn-apotheke.at\/katalog\/produkt\/zeinpharma-vitamin-d3-kapseln-5-000-i-e-wochendepot-90-stk\/","title":{"rendered":"ZeinPharma Vitamin D3 Kapseln 5.000 I.E. Wochendepot 90 Stk."},"content":{"rendered":"<p>ZeinPharma Vitamin D3 Kapseln 5.000 I.E. Wochendepot sind ein qualitativ hochwertiges Nahrungserg\u00e4nzungsmittel mit 1.000 I.E. Vitamin D3. Profitieren Sie von einem nat\u00fcrlich gewonnenen Vitamin D3 aus Lanolin. Es ist absolut rein, frei von Verunreinigungen und f\u00fcr Vegetarier geeignet.!<\/p>\n","protected":false},"excerpt":{"rendered":"<p>ZeinPharma Vitamin D3 Kapseln 5.000 I.E. Wochendepot sind ein qualitativ hochwertiges Nahrungserg\u00e4nzungsmittel mit 1.000 I.E. Vitamin D3. Profitieren Sie von einem nat\u00fcrlich gewonnenen Vitamin D3 aus Lanolin. Es ist absolut rein, frei von Verunreinigungen und f\u00fcr Vegetarier geeignet.!<\/p>\n","protected":false},"featured_media":81590,"template":"","meta":{"_acf_changed":false},"product_brand":[],"product_cat":[803],"product_tag":[],"class_list":{"0":"post-81588","1":"product","2":"type-product","3":"status-publish","4":"has-post-thumbnail","6":"product_cat-z","7":"pa_packungsgroesse-90-stueck","9":"first","10":"instock","11":"shipping-taxable","12":"purchasable","13":"product-type-simple"},"acf":[],"_links":{"self":[{"href":"https:\/\/www.ernstbrunn-apotheke.at\/katalog\/wp-json\/wp\/v2\/product\/81588","targetHints":{"allow":["GET"]}}],"collection":[{"href":"https:\/\/www.ernstbrunn-apotheke.at\/katalog\/wp-json\/wp\/v2\/product"}],"about":[{"href":"https:\/\/www.ernstbrunn-apotheke.at\/katalog\/wp-json\/wp\/v2\/types\/product"}],"wp:featuredmedia":[{"embeddable":true,"href":"https:\/\/www.ernstbrunn-apotheke.at\/katalog\/wp-json\/wp\/v2\/media\/81590"}],"wp:attachment":[{"href":"https:\/\/www.ernstbrunn-apotheke.at\/katalog\/wp-json\/wp\/v2\/media?parent=81588"}],"wp:term":[{"taxonomy":"product_brand","embeddable":true,"href":"https:\/\/www.ernstbrunn-apotheke.at\/katalog\/wp-json\/wp\/v2\/product_brand?post=81588"},{"taxonomy":"product_cat","embeddable":true,"href":"https:\/\/www.ernstbrunn-apotheke.at\/katalog\/wp-json\/wp\/v2\/product_cat?post=81588"},{"taxonomy":"product_tag","embeddable":true,"href":"https:\/\/www.ernstbrunn-apotheke.at\/katalog\/wp-json\/wp\/v2\/product_tag?post=81588"}],"curies":[{"name":"wp","href":"https:\/\/api.w.org\/{rel}","templated":true}]}}