{"id":81553,"date":"2025-11-11T23:20:16","date_gmt":"2025-11-11T22:20:16","guid":{"rendered":"https:\/\/www.ernstbrunn-apotheke.at\/katalog\/produkt\/adler-pharma-schuessler-nr-16-lithium-chloratum-500-g-d-12\/"},"modified":"2025-12-08T19:20:22","modified_gmt":"2025-12-08T18:20:22","slug":"adler-pharma-schuessler-nr-16-lithium-chloratum-500-g-d-12","status":"publish","type":"product","link":"https:\/\/www.ernstbrunn-apotheke.at\/katalog\/produkt\/adler-pharma-schuessler-nr-16-lithium-chloratum-500-g-d-12\/","title":{"rendered":"Adler Pharma Sch\u00fc\u00dfler Nr. 16 Lithium Chloratum 500 g D 12"},"content":{"rendered":"<p>Sch\u00fc\u00dfler Nr. 16 Lithium Chloratum f\u00f6rdert die Ausscheidung und Aufl\u00f6sung von Harnstoff und Harns\u00e4urekristallen, weshalb es h\u00e4ufig bei einer Gicht zum Einsatz kommt. Au\u00dferdem l\u00f6st dieses biochemische Salz krankhafte Ablagerungen an den Gelenken und bei Narben.<\/p>\n","protected":false},"excerpt":{"rendered":"<p>Sch\u00fc\u00dfler Nr. 16 Lithium Chloratum f\u00f6rdert die Ausscheidung und Aufl\u00f6sung von Harnstoff und Harns\u00e4urekristallen, weshalb es h\u00e4ufig bei einer Gicht zum Einsatz kommt. Au\u00dferdem l\u00f6st dieses biochemische Salz krankhafte Ablagerungen an den Gelenken und bei Narben.<\/p>\n","protected":false},"featured_media":81555,"template":"","meta":{"_acf_changed":false},"product_brand":[928],"product_cat":[801],"product_tag":[],"class_list":{"0":"post-81553","1":"product","2":"type-product","3":"status-publish","4":"has-post-thumbnail","6":"product_brand-adler-pharma","7":"product_cat-a","8":"pa_packungsgroesse-500g","10":"first","11":"instock","12":"shipping-taxable","13":"purchasable","14":"product-type-simple"},"acf":[],"_links":{"self":[{"href":"https:\/\/www.ernstbrunn-apotheke.at\/katalog\/wp-json\/wp\/v2\/product\/81553","targetHints":{"allow":["GET"]}}],"collection":[{"href":"https:\/\/www.ernstbrunn-apotheke.at\/katalog\/wp-json\/wp\/v2\/product"}],"about":[{"href":"https:\/\/www.ernstbrunn-apotheke.at\/katalog\/wp-json\/wp\/v2\/types\/product"}],"wp:featuredmedia":[{"embeddable":true,"href":"https:\/\/www.ernstbrunn-apotheke.at\/katalog\/wp-json\/wp\/v2\/media\/81555"}],"wp:attachment":[{"href":"https:\/\/www.ernstbrunn-apotheke.at\/katalog\/wp-json\/wp\/v2\/media?parent=81553"}],"wp:term":[{"taxonomy":"product_brand","embeddable":true,"href":"https:\/\/www.ernstbrunn-apotheke.at\/katalog\/wp-json\/wp\/v2\/product_brand?post=81553"},{"taxonomy":"product_cat","embeddable":true,"href":"https:\/\/www.ernstbrunn-apotheke.at\/katalog\/wp-json\/wp\/v2\/product_cat?post=81553"},{"taxonomy":"product_tag","embeddable":true,"href":"https:\/\/www.ernstbrunn-apotheke.at\/katalog\/wp-json\/wp\/v2\/product_tag?post=81553"}],"curies":[{"name":"wp","href":"https:\/\/api.w.org\/{rel}","templated":true}]}}