{"id":81528,"date":"2025-11-11T23:19:41","date_gmt":"2025-11-11T22:19:41","guid":{"rendered":"https:\/\/www.ernstbrunn-apotheke.at\/katalog\/produkt\/hopfen-baldrian-kapseln\/"},"modified":"2025-12-08T19:20:12","modified_gmt":"2025-12-08T18:20:12","slug":"hopfen-baldrian-kapseln","status":"publish","type":"product","link":"https:\/\/www.ernstbrunn-apotheke.at\/katalog\/produkt\/hopfen-baldrian-kapseln\/","title":{"rendered":"Hopfen &#8211; Baldrian Kapseln"},"content":{"rendered":"<p>Gall Pharma Hopfen Baldrian Kapseln 50 Stk. enthalten 30 mg Hopfenzapfen Trockenextrakt und 133 mg Baldrianwurzel Trockenextrakt in einer Hartgelatinekapsel. Die Kombination dieser Inhaltsstoffe mit \u00e4hnlichem Effekt ergibt ein Nahrungserg\u00e4nzungsmittel, das bei nerv\u00f6s bedingten Einschlafst\u00f6rungen und Unruhezust\u00e4nden eingesetzt werden kann. Der physiologische Schlafrhythmus bleibt durch die rein pflanzlichen Extrakte unbeeinflusst und  bietet eine optimale, nat\u00fcrliche Alternative zu anderen schlaff\u00f6rdernden Mitteln &#8211; profitieren Sie von hohen Rabatten und dem gro\u00dfen Sortiment einer Standortapotheke!<\/p>\n","protected":false},"excerpt":{"rendered":"<p>Gall Pharma Hopfen Baldrian Kapseln 50 Stk. enthalten 30 mg Hopfenzapfen Trockenextrakt und 133 mg Baldrianwurzel Trockenextrakt in einer Hartgelatinekapsel. Die Kombination dieser Inhaltsstoffe mit \u00e4hnlichem Effekt ergibt ein Nahrungserg\u00e4nzungsmittel, das bei nerv\u00f6s bedingten Einschlafst\u00f6rungen und Unruhezust\u00e4nden eingesetzt werden kann. Der physiologische Schlafrhythmus bleibt durch die rein pflanzlichen Extrakte unbeeinflusst und bietet eine optimale, nat\u00fcrliche [&hellip;]<\/p>\n","protected":false},"featured_media":81530,"template":"","meta":{"_acf_changed":false},"product_brand":[371],"product_cat":[805],"product_tag":[],"class_list":{"0":"post-81528","1":"product","2":"type-product","3":"status-publish","4":"has-post-thumbnail","6":"product_brand-gall-pharma","7":"product_cat-h","8":"pa_packungsgroesse-50-stueck","10":"first","11":"instock","12":"shipping-taxable","13":"purchasable","14":"product-type-simple"},"acf":[],"_links":{"self":[{"href":"https:\/\/www.ernstbrunn-apotheke.at\/katalog\/wp-json\/wp\/v2\/product\/81528","targetHints":{"allow":["GET"]}}],"collection":[{"href":"https:\/\/www.ernstbrunn-apotheke.at\/katalog\/wp-json\/wp\/v2\/product"}],"about":[{"href":"https:\/\/www.ernstbrunn-apotheke.at\/katalog\/wp-json\/wp\/v2\/types\/product"}],"wp:featuredmedia":[{"embeddable":true,"href":"https:\/\/www.ernstbrunn-apotheke.at\/katalog\/wp-json\/wp\/v2\/media\/81530"}],"wp:attachment":[{"href":"https:\/\/www.ernstbrunn-apotheke.at\/katalog\/wp-json\/wp\/v2\/media?parent=81528"}],"wp:term":[{"taxonomy":"product_brand","embeddable":true,"href":"https:\/\/www.ernstbrunn-apotheke.at\/katalog\/wp-json\/wp\/v2\/product_brand?post=81528"},{"taxonomy":"product_cat","embeddable":true,"href":"https:\/\/www.ernstbrunn-apotheke.at\/katalog\/wp-json\/wp\/v2\/product_cat?post=81528"},{"taxonomy":"product_tag","embeddable":true,"href":"https:\/\/www.ernstbrunn-apotheke.at\/katalog\/wp-json\/wp\/v2\/product_tag?post=81528"}],"curies":[{"name":"wp","href":"https:\/\/api.w.org\/{rel}","templated":true}]}}