{"id":81486,"date":"2025-11-11T23:19:04","date_gmt":"2025-11-11T22:19:04","guid":{"rendered":"https:\/\/www.ernstbrunn-apotheke.at\/katalog\/produkt\/darphin-ideal-resource-perfecting-smoothing-serum-30-ml\/"},"modified":"2025-12-08T19:19:54","modified_gmt":"2025-12-08T18:19:54","slug":"darphin-ideal-resource-perfecting-smoothing-serum-30-ml","status":"publish","type":"product","link":"https:\/\/www.ernstbrunn-apotheke.at\/katalog\/produkt\/darphin-ideal-resource-perfecting-smoothing-serum-30-ml\/","title":{"rendered":"Darphin Ideal Resource Perfecting Smoothing Serum 30 ml"},"content":{"rendered":"<p>Ideal Resource Perfectin Smoothing ist ein Serum f\u00fcr perfekte Haut mit einem Pflanzen-Trio voller Power: Japanischer Staudenkn\u00f6terich, Tigergras und wei\u00dfer Hibiskus verleihen ein sp\u00fcrbar intensiver strahlendes, glatteres Hautbild, vermindern Poren und reduzieren feine Linien sowie Falten.<\/p>\n","protected":false},"excerpt":{"rendered":"<p>Ideal Resource Perfectin Smoothing ist ein Serum f\u00fcr perfekte Haut mit einem Pflanzen-Trio voller Power: Japanischer Staudenkn\u00f6terich, Tigergras und wei\u00dfer Hibiskus verleihen ein sp\u00fcrbar intensiver strahlendes, glatteres Hautbild, vermindern Poren und reduzieren feine Linien sowie Falten.<\/p>\n","protected":false},"featured_media":81488,"template":"","meta":{"_acf_changed":false},"product_brand":[],"product_cat":[792],"product_tag":[],"class_list":{"0":"post-81486","1":"product","2":"type-product","3":"status-publish","4":"has-post-thumbnail","6":"product_cat-d","7":"pa_packungsgroesse-30ml","9":"first","10":"instock","11":"shipping-taxable","12":"purchasable","13":"product-type-simple"},"acf":[],"_links":{"self":[{"href":"https:\/\/www.ernstbrunn-apotheke.at\/katalog\/wp-json\/wp\/v2\/product\/81486","targetHints":{"allow":["GET"]}}],"collection":[{"href":"https:\/\/www.ernstbrunn-apotheke.at\/katalog\/wp-json\/wp\/v2\/product"}],"about":[{"href":"https:\/\/www.ernstbrunn-apotheke.at\/katalog\/wp-json\/wp\/v2\/types\/product"}],"wp:featuredmedia":[{"embeddable":true,"href":"https:\/\/www.ernstbrunn-apotheke.at\/katalog\/wp-json\/wp\/v2\/media\/81488"}],"wp:attachment":[{"href":"https:\/\/www.ernstbrunn-apotheke.at\/katalog\/wp-json\/wp\/v2\/media?parent=81486"}],"wp:term":[{"taxonomy":"product_brand","embeddable":true,"href":"https:\/\/www.ernstbrunn-apotheke.at\/katalog\/wp-json\/wp\/v2\/product_brand?post=81486"},{"taxonomy":"product_cat","embeddable":true,"href":"https:\/\/www.ernstbrunn-apotheke.at\/katalog\/wp-json\/wp\/v2\/product_cat?post=81486"},{"taxonomy":"product_tag","embeddable":true,"href":"https:\/\/www.ernstbrunn-apotheke.at\/katalog\/wp-json\/wp\/v2\/product_tag?post=81486"}],"curies":[{"name":"wp","href":"https:\/\/api.w.org\/{rel}","templated":true}]}}