{"id":81431,"date":"2025-11-11T23:18:26","date_gmt":"2025-11-11T22:18:26","guid":{"rendered":"https:\/\/www.ernstbrunn-apotheke.at\/katalog\/produkt\/hallo-ich-bin-maca-kapseln-80-stk\/"},"modified":"2025-12-08T19:19:28","modified_gmt":"2025-12-08T18:19:28","slug":"hallo-ich-bin-maca-kapseln-80-stk","status":"publish","type":"product","link":"https:\/\/www.ernstbrunn-apotheke.at\/katalog\/produkt\/hallo-ich-bin-maca-kapseln-80-stk\/","title":{"rendered":"hallo, ich bin Maca Kapseln 80 Stk."},"content":{"rendered":"<p>Produkte von &#8222;Hallo, ich bin&#8220; sind ausnahmslos das Beste der Natur. Reine Naturprodukte, f\u00fcr Allergiker geeignet und in der Regel biologisch und vegan, stellen die Basis f\u00fcr \u00e4hallo, ich bin\u201c Nahrungserg\u00e4nzungen dar. Ausschlie\u00dflich das Beste der Natur findet sich in \u00e4hallo, ich bin\u201c Nahrungserg\u00e4nzungen wieder.  Ob als t\u00e4gliche Vitalstoff-Basis, Erg\u00e4nzung bei Mangelerscheinung oder als Begleittherapie.<\/p>\n","protected":false},"excerpt":{"rendered":"<p>Produkte von &#8222;Hallo, ich bin&#8220; sind ausnahmslos das Beste der Natur. Reine Naturprodukte, f\u00fcr Allergiker geeignet und in der Regel biologisch und vegan, stellen die Basis f\u00fcr \u00e4hallo, ich bin\u201c Nahrungserg\u00e4nzungen dar. Ausschlie\u00dflich das Beste der Natur findet sich in \u00e4hallo, ich bin\u201c Nahrungserg\u00e4nzungen wieder. Ob als t\u00e4gliche Vitalstoff-Basis, Erg\u00e4nzung bei Mangelerscheinung oder als Begleittherapie.<\/p>\n","protected":false},"featured_media":81433,"template":"","meta":{"_acf_changed":false},"product_brand":[1068],"product_cat":[805],"product_tag":[],"class_list":{"0":"post-81431","1":"product","2":"type-product","3":"status-publish","4":"has-post-thumbnail","6":"product_brand-hallo-ich-bin","7":"product_cat-h","8":"pa_packungsgroesse-80-stueck","10":"first","11":"instock","12":"shipping-taxable","13":"purchasable","14":"product-type-simple"},"acf":[],"_links":{"self":[{"href":"https:\/\/www.ernstbrunn-apotheke.at\/katalog\/wp-json\/wp\/v2\/product\/81431","targetHints":{"allow":["GET"]}}],"collection":[{"href":"https:\/\/www.ernstbrunn-apotheke.at\/katalog\/wp-json\/wp\/v2\/product"}],"about":[{"href":"https:\/\/www.ernstbrunn-apotheke.at\/katalog\/wp-json\/wp\/v2\/types\/product"}],"wp:featuredmedia":[{"embeddable":true,"href":"https:\/\/www.ernstbrunn-apotheke.at\/katalog\/wp-json\/wp\/v2\/media\/81433"}],"wp:attachment":[{"href":"https:\/\/www.ernstbrunn-apotheke.at\/katalog\/wp-json\/wp\/v2\/media?parent=81431"}],"wp:term":[{"taxonomy":"product_brand","embeddable":true,"href":"https:\/\/www.ernstbrunn-apotheke.at\/katalog\/wp-json\/wp\/v2\/product_brand?post=81431"},{"taxonomy":"product_cat","embeddable":true,"href":"https:\/\/www.ernstbrunn-apotheke.at\/katalog\/wp-json\/wp\/v2\/product_cat?post=81431"},{"taxonomy":"product_tag","embeddable":true,"href":"https:\/\/www.ernstbrunn-apotheke.at\/katalog\/wp-json\/wp\/v2\/product_tag?post=81431"}],"curies":[{"name":"wp","href":"https:\/\/api.w.org\/{rel}","templated":true}]}}