{"id":81416,"date":"2025-11-11T23:18:09","date_gmt":"2025-11-11T22:18:09","guid":{"rendered":"https:\/\/www.ernstbrunn-apotheke.at\/katalog\/produkt\/adler-bachblueten-rock-water-tropfen-10-ml\/"},"modified":"2025-12-08T19:19:19","modified_gmt":"2025-12-08T18:19:19","slug":"adler-bachblueten-rock-water-tropfen-10-ml","status":"publish","type":"product","link":"https:\/\/www.ernstbrunn-apotheke.at\/katalog\/produkt\/adler-bachblueten-rock-water-tropfen-10-ml\/","title":{"rendered":"Adler Bachbl\u00fcten Rock Water Tropfen 10 ml"},"content":{"rendered":"<p>Adler Bachbl\u00fcten Rock Water Tropfen 10 ml sind Teil der &#8222;Sieben Helfer&#8220; und k\u00f6nnen bei andauernder, schlechter Verfassung unterst\u00fctzen. Rock Water Tropfen eignen sich besonders f\u00fcr Menschen, die sehr streng zu sich sind und k\u00f6nnen bei \u00fcbertriebener Selbstdisziplin, Lebens-Programmen, Idealen, selbstauferlegten Pflichten und Strenge gegen sich selbst unterst\u00fctzend wirken &#8211; jetzt alle Bachbl\u00fctenessenzen von Adler zu g\u00fcnstigen Preisen online bestellen!<\/p>\n","protected":false},"excerpt":{"rendered":"<p>Adler Bachbl\u00fcten Rock Water Tropfen 10 ml sind Teil der &#8222;Sieben Helfer&#8220; und k\u00f6nnen bei andauernder, schlechter Verfassung unterst\u00fctzen. Rock Water Tropfen eignen sich besonders f\u00fcr Menschen, die sehr streng zu sich sind und k\u00f6nnen bei \u00fcbertriebener Selbstdisziplin, Lebens-Programmen, Idealen, selbstauferlegten Pflichten und Strenge gegen sich selbst unterst\u00fctzend wirken &#8211; jetzt alle Bachbl\u00fctenessenzen von Adler [&hellip;]<\/p>\n","protected":false},"featured_media":81418,"template":"","meta":{"_acf_changed":false},"product_brand":[928],"product_cat":[801],"product_tag":[],"class_list":{"0":"post-81416","1":"product","2":"type-product","3":"status-publish","4":"has-post-thumbnail","6":"product_brand-adler-pharma","7":"product_cat-a","8":"pa_packungsgroesse-10ml","10":"first","11":"instock","12":"shipping-taxable","13":"purchasable","14":"product-type-simple"},"acf":[],"_links":{"self":[{"href":"https:\/\/www.ernstbrunn-apotheke.at\/katalog\/wp-json\/wp\/v2\/product\/81416","targetHints":{"allow":["GET"]}}],"collection":[{"href":"https:\/\/www.ernstbrunn-apotheke.at\/katalog\/wp-json\/wp\/v2\/product"}],"about":[{"href":"https:\/\/www.ernstbrunn-apotheke.at\/katalog\/wp-json\/wp\/v2\/types\/product"}],"wp:featuredmedia":[{"embeddable":true,"href":"https:\/\/www.ernstbrunn-apotheke.at\/katalog\/wp-json\/wp\/v2\/media\/81418"}],"wp:attachment":[{"href":"https:\/\/www.ernstbrunn-apotheke.at\/katalog\/wp-json\/wp\/v2\/media?parent=81416"}],"wp:term":[{"taxonomy":"product_brand","embeddable":true,"href":"https:\/\/www.ernstbrunn-apotheke.at\/katalog\/wp-json\/wp\/v2\/product_brand?post=81416"},{"taxonomy":"product_cat","embeddable":true,"href":"https:\/\/www.ernstbrunn-apotheke.at\/katalog\/wp-json\/wp\/v2\/product_cat?post=81416"},{"taxonomy":"product_tag","embeddable":true,"href":"https:\/\/www.ernstbrunn-apotheke.at\/katalog\/wp-json\/wp\/v2\/product_tag?post=81416"}],"curies":[{"name":"wp","href":"https:\/\/api.w.org\/{rel}","templated":true}]}}