{"id":81366,"date":"2025-11-11T23:17:05","date_gmt":"2025-11-11T22:17:05","guid":{"rendered":"https:\/\/www.ernstbrunn-apotheke.at\/katalog\/produkt\/amitamin-kapseln-fertil-f-120-stk\/"},"modified":"2025-12-08T19:18:51","modified_gmt":"2025-12-08T18:18:51","slug":"amitamin-kapseln-fertil-f-120-stk","status":"publish","type":"product","link":"https:\/\/www.ernstbrunn-apotheke.at\/katalog\/produkt\/amitamin-kapseln-fertil-f-120-stk\/","title":{"rendered":"Amitamin Kapseln Fertil F 120 Stk."},"content":{"rendered":"<p>Amitamin Kapseln Fertil F wurde f\u00fcr die besonderen Bed\u00fcrfnisse von Frauen in der Zeit vor der Schwangerschaft bis zum Ende der Stillzeit entwickelt. Neben Fols\u00e4ure enthalten die Kapseln mit Vitamin B, Vitamin C, Zink, Eisen und Omega-3 weitere Inhaltsstoffe welche der Frau permanent und ausreichend f\u00fcr eine gesunde Schwangerschaft zur Verf\u00fcgung stehen m\u00fcssen.<\/p>\n","protected":false},"excerpt":{"rendered":"<p>Amitamin Kapseln Fertil F wurde f\u00fcr die besonderen Bed\u00fcrfnisse von Frauen in der Zeit vor der Schwangerschaft bis zum Ende der Stillzeit entwickelt. Neben Fols\u00e4ure enthalten die Kapseln mit Vitamin B, Vitamin C, Zink, Eisen und Omega-3 weitere Inhaltsstoffe welche der Frau permanent und ausreichend f\u00fcr eine gesunde Schwangerschaft zur Verf\u00fcgung stehen m\u00fcssen.<\/p>\n","protected":false},"featured_media":81368,"template":"","meta":{"_acf_changed":false},"product_brand":[],"product_cat":[801],"product_tag":[],"class_list":{"0":"post-81366","1":"product","2":"type-product","3":"status-publish","4":"has-post-thumbnail","6":"product_cat-a","7":"pa_packungsgroesse-120-stueck","9":"first","10":"instock","11":"shipping-taxable","12":"purchasable","13":"product-type-simple"},"acf":[],"_links":{"self":[{"href":"https:\/\/www.ernstbrunn-apotheke.at\/katalog\/wp-json\/wp\/v2\/product\/81366","targetHints":{"allow":["GET"]}}],"collection":[{"href":"https:\/\/www.ernstbrunn-apotheke.at\/katalog\/wp-json\/wp\/v2\/product"}],"about":[{"href":"https:\/\/www.ernstbrunn-apotheke.at\/katalog\/wp-json\/wp\/v2\/types\/product"}],"wp:featuredmedia":[{"embeddable":true,"href":"https:\/\/www.ernstbrunn-apotheke.at\/katalog\/wp-json\/wp\/v2\/media\/81368"}],"wp:attachment":[{"href":"https:\/\/www.ernstbrunn-apotheke.at\/katalog\/wp-json\/wp\/v2\/media?parent=81366"}],"wp:term":[{"taxonomy":"product_brand","embeddable":true,"href":"https:\/\/www.ernstbrunn-apotheke.at\/katalog\/wp-json\/wp\/v2\/product_brand?post=81366"},{"taxonomy":"product_cat","embeddable":true,"href":"https:\/\/www.ernstbrunn-apotheke.at\/katalog\/wp-json\/wp\/v2\/product_cat?post=81366"},{"taxonomy":"product_tag","embeddable":true,"href":"https:\/\/www.ernstbrunn-apotheke.at\/katalog\/wp-json\/wp\/v2\/product_tag?post=81366"}],"curies":[{"name":"wp","href":"https:\/\/api.w.org\/{rel}","templated":true}]}}