{"id":81208,"date":"2025-11-11T23:14:01","date_gmt":"2025-11-11T22:14:01","guid":{"rendered":"https:\/\/www.ernstbrunn-apotheke.at\/katalog\/produkt\/comfeel-plus-transparenter-wundverband-5-stk-15-x-20-cm-3542\/"},"modified":"2025-12-08T19:17:47","modified_gmt":"2025-12-08T18:17:47","slug":"comfeel-plus-transparenter-wundverband-5-stk-15-x-20-cm-3542","status":"publish","type":"product","link":"https:\/\/www.ernstbrunn-apotheke.at\/katalog\/produkt\/comfeel-plus-transparenter-wundverband-5-stk-15-x-20-cm-3542\/","title":{"rendered":"Comfeel Plus Transparenter Wundverband 5 Stk. 15 x 20 cm 3542"},"content":{"rendered":"<p>Comfeel Plus Transparenter Wundverband kann f\u00fcr die Versorgung von nicht bis schwach exsudierenden chronischen Wunden sowie bei oberfl\u00e4chlichen akuten Wunden in den letzten Stadien der Wundheilung eingesetzt werden. Der Verband kann abh\u00e4ngig von den jeweiligen Wundeigenschaften bis zu 7 Tage lang getragen werden.<\/p>\n","protected":false},"excerpt":{"rendered":"<p>Comfeel Plus Transparenter Wundverband kann f\u00fcr die Versorgung von nicht bis schwach exsudierenden chronischen Wunden sowie bei oberfl\u00e4chlichen akuten Wunden in den letzten Stadien der Wundheilung eingesetzt werden. Der Verband kann abh\u00e4ngig von den jeweiligen Wundeigenschaften bis zu 7 Tage lang getragen werden.<\/p>\n","protected":false},"featured_media":0,"template":"","meta":{"_acf_changed":false},"product_brand":[],"product_cat":[812],"product_tag":[],"class_list":{"0":"post-81208","1":"product","2":"type-product","3":"status-publish","5":"product_cat-c","6":"pa_packungsgroesse-5-stueck","8":"first","9":"instock","10":"shipping-taxable","11":"purchasable","12":"product-type-simple"},"acf":[],"_links":{"self":[{"href":"https:\/\/www.ernstbrunn-apotheke.at\/katalog\/wp-json\/wp\/v2\/product\/81208","targetHints":{"allow":["GET"]}}],"collection":[{"href":"https:\/\/www.ernstbrunn-apotheke.at\/katalog\/wp-json\/wp\/v2\/product"}],"about":[{"href":"https:\/\/www.ernstbrunn-apotheke.at\/katalog\/wp-json\/wp\/v2\/types\/product"}],"wp:attachment":[{"href":"https:\/\/www.ernstbrunn-apotheke.at\/katalog\/wp-json\/wp\/v2\/media?parent=81208"}],"wp:term":[{"taxonomy":"product_brand","embeddable":true,"href":"https:\/\/www.ernstbrunn-apotheke.at\/katalog\/wp-json\/wp\/v2\/product_brand?post=81208"},{"taxonomy":"product_cat","embeddable":true,"href":"https:\/\/www.ernstbrunn-apotheke.at\/katalog\/wp-json\/wp\/v2\/product_cat?post=81208"},{"taxonomy":"product_tag","embeddable":true,"href":"https:\/\/www.ernstbrunn-apotheke.at\/katalog\/wp-json\/wp\/v2\/product_tag?post=81208"}],"curies":[{"name":"wp","href":"https:\/\/api.w.org\/{rel}","templated":true}]}}