{"id":81111,"date":"2025-11-11T23:12:23","date_gmt":"2025-11-11T22:12:23","guid":{"rendered":"https:\/\/www.ernstbrunn-apotheke.at\/katalog\/produkt\/raupenpilz-kapseln-extrakt-codyceps-200-stk\/"},"modified":"2025-12-08T19:17:01","modified_gmt":"2025-12-08T18:17:01","slug":"raupenpilz-kapseln-extrakt-codyceps-200-stk","status":"publish","type":"product","link":"https:\/\/www.ernstbrunn-apotheke.at\/katalog\/produkt\/raupenpilz-kapseln-extrakt-codyceps-200-stk\/","title":{"rendered":"Raupenpilz Kapseln Extrakt Codyceps 200 Stk."},"content":{"rendered":"<p>Der Cordyceps sinensis (Chinesischer Raupenpilz) stammt urspr\u00fcnglich aus Tibet. In H\u00f6helagen bis zu 5000m w\u00e4chst er dort auf einer Raupenart. Seine Beliebtheit verdankt der Raupenpilz den tibetischen Yak-Hirten. Sie bemerkten die Vorteile des Verzehrs von Cordyceps zuerst an ihren Rindern, die die zwischen den Hochlandgr\u00e4sern wachsenden Pilze mit gegessen haben.Der Cordyceps wurde schon vor 2.000 Jahren in chinesischen Schriften erw\u00e4hnt. So setzt auch die Traditionelle Chinesische Ern\u00e4hrung den Cordyceps ein. Daf\u00fcr sorgen die im Raupenpilz enthaltenen Vitamine, Spurenelemente, essenzielle Aminos\u00e4uren &#8211; und die hochwertigen Polysaccharide.<\/p>\n","protected":false},"excerpt":{"rendered":"<p>Der Cordyceps sinensis (Chinesischer Raupenpilz) stammt urspr\u00fcnglich aus Tibet. In H\u00f6helagen bis zu 5000m w\u00e4chst er dort auf einer Raupenart. Seine Beliebtheit verdankt der Raupenpilz den tibetischen Yak-Hirten. Sie bemerkten die Vorteile des Verzehrs von Cordyceps zuerst an ihren Rindern, die die zwischen den Hochlandgr\u00e4sern wachsenden Pilze mit gegessen haben.Der Cordyceps wurde schon vor 2.000 [&hellip;]<\/p>\n","protected":false},"featured_media":81113,"template":"","meta":{"_acf_changed":false},"product_brand":[],"product_cat":[808],"product_tag":[],"class_list":{"0":"post-81111","1":"product","2":"type-product","3":"status-publish","4":"has-post-thumbnail","6":"product_cat-r","7":"pa_packungsgroesse-200-stueck","9":"first","10":"instock","11":"shipping-taxable","12":"purchasable","13":"product-type-simple"},"acf":[],"_links":{"self":[{"href":"https:\/\/www.ernstbrunn-apotheke.at\/katalog\/wp-json\/wp\/v2\/product\/81111","targetHints":{"allow":["GET"]}}],"collection":[{"href":"https:\/\/www.ernstbrunn-apotheke.at\/katalog\/wp-json\/wp\/v2\/product"}],"about":[{"href":"https:\/\/www.ernstbrunn-apotheke.at\/katalog\/wp-json\/wp\/v2\/types\/product"}],"wp:featuredmedia":[{"embeddable":true,"href":"https:\/\/www.ernstbrunn-apotheke.at\/katalog\/wp-json\/wp\/v2\/media\/81113"}],"wp:attachment":[{"href":"https:\/\/www.ernstbrunn-apotheke.at\/katalog\/wp-json\/wp\/v2\/media?parent=81111"}],"wp:term":[{"taxonomy":"product_brand","embeddable":true,"href":"https:\/\/www.ernstbrunn-apotheke.at\/katalog\/wp-json\/wp\/v2\/product_brand?post=81111"},{"taxonomy":"product_cat","embeddable":true,"href":"https:\/\/www.ernstbrunn-apotheke.at\/katalog\/wp-json\/wp\/v2\/product_cat?post=81111"},{"taxonomy":"product_tag","embeddable":true,"href":"https:\/\/www.ernstbrunn-apotheke.at\/katalog\/wp-json\/wp\/v2\/product_tag?post=81111"}],"curies":[{"name":"wp","href":"https:\/\/api.w.org\/{rel}","templated":true}]}}