{"id":81107,"date":"2025-11-11T23:12:23","date_gmt":"2025-11-11T22:12:23","guid":{"rendered":"https:\/\/www.ernstbrunn-apotheke.at\/katalog\/produkt\/bachbluete-apopharm-02-aspen-espe-20-ml\/"},"modified":"2025-12-08T19:16:58","modified_gmt":"2025-12-08T18:16:58","slug":"bachbluete-apopharm-02-aspen-espe-20-ml","status":"publish","type":"product","link":"https:\/\/www.ernstbrunn-apotheke.at\/katalog\/produkt\/bachbluete-apopharm-02-aspen-espe-20-ml\/","title":{"rendered":"Bachbl\u00fcte Apopharm 02 Aspen\/Espe 20 ml"},"content":{"rendered":"<p>Bachbl\u00fcte Apopharm 02 Aspen eignet sich zur Anwendung bei allen krankhaften St\u00f6rungen, die mit \u00e4ngstlichen Ahnungen oder unerkl\u00e4rlichen \u00c4ngsten einhergehen oder davon ausgel\u00f6st wurden. So wird das Produkt im t\u00e4glichen Leben bei allgemeiner Bangigkeit, unheimlichen Gef\u00fchlen, Zukunftsangst und \u00e4ngstlichen Sorgen eingesetzt.<\/p>\n","protected":false},"excerpt":{"rendered":"<p>Bachbl\u00fcte Apopharm 02 Aspen eignet sich zur Anwendung bei allen krankhaften St\u00f6rungen, die mit \u00e4ngstlichen Ahnungen oder unerkl\u00e4rlichen \u00c4ngsten einhergehen oder davon ausgel\u00f6st wurden. So wird das Produkt im t\u00e4glichen Leben bei allgemeiner Bangigkeit, unheimlichen Gef\u00fchlen, Zukunftsangst und \u00e4ngstlichen Sorgen eingesetzt.<\/p>\n","protected":false},"featured_media":0,"template":"","meta":{"_acf_changed":false},"product_brand":[],"product_cat":[802],"product_tag":[],"class_list":{"0":"post-81107","1":"product","2":"type-product","3":"status-publish","5":"product_cat-b","6":"pa_packungsgroesse-20ml","8":"first","9":"instock","10":"shipping-taxable","11":"purchasable","12":"product-type-simple"},"acf":[],"_links":{"self":[{"href":"https:\/\/www.ernstbrunn-apotheke.at\/katalog\/wp-json\/wp\/v2\/product\/81107","targetHints":{"allow":["GET"]}}],"collection":[{"href":"https:\/\/www.ernstbrunn-apotheke.at\/katalog\/wp-json\/wp\/v2\/product"}],"about":[{"href":"https:\/\/www.ernstbrunn-apotheke.at\/katalog\/wp-json\/wp\/v2\/types\/product"}],"wp:attachment":[{"href":"https:\/\/www.ernstbrunn-apotheke.at\/katalog\/wp-json\/wp\/v2\/media?parent=81107"}],"wp:term":[{"taxonomy":"product_brand","embeddable":true,"href":"https:\/\/www.ernstbrunn-apotheke.at\/katalog\/wp-json\/wp\/v2\/product_brand?post=81107"},{"taxonomy":"product_cat","embeddable":true,"href":"https:\/\/www.ernstbrunn-apotheke.at\/katalog\/wp-json\/wp\/v2\/product_cat?post=81107"},{"taxonomy":"product_tag","embeddable":true,"href":"https:\/\/www.ernstbrunn-apotheke.at\/katalog\/wp-json\/wp\/v2\/product_tag?post=81107"}],"curies":[{"name":"wp","href":"https:\/\/api.w.org\/{rel}","templated":true}]}}