{"id":81074,"date":"2025-11-11T23:11:11","date_gmt":"2025-11-11T22:11:11","guid":{"rendered":"https:\/\/www.ernstbrunn-apotheke.at\/katalog\/produkt\/vitamin-b6-kapseln-2\/"},"modified":"2025-12-08T19:16:44","modified_gmt":"2025-12-08T18:16:44","slug":"vitamin-b6-kapseln-2","status":"publish","type":"product","link":"https:\/\/www.ernstbrunn-apotheke.at\/katalog\/produkt\/vitamin-b6-kapseln-2\/","title":{"rendered":"Vitamin B6 Kapseln"},"content":{"rendered":"<p>Vitamin B6 GPH Kapseln enthalten 2,0 mg Pyridoxinhydrochlorid, das wichtig f\u00fcr den Gewebsstoffwechsel, speziell der Leber, des Nervensystems und der Haut, ist. Vitamin B6 spielt eine wichtige Rolle beim Eiwei\u00dfaufbau und im Aminos\u00e4urestoffwechsel. Vor allem bei verst\u00e4rkter Proteinzufuhr z.B. beim Bodybuilding, kann der Bedarf an Vitamin B6 ansteigen. Vitamin B6 GPH Kapseln decken durch regelm\u00e4\u00dfige Einnahme den Tagesbedarf. Dieses Produkt erhalten Sie in den Packungsgr\u00f6\u00dfen 90, 120 und 180 St\u00fcck.<\/p>\n","protected":false},"excerpt":{"rendered":"<p>Vitamin B6 GPH Kapseln enthalten 2,0 mg Pyridoxinhydrochlorid, das wichtig f\u00fcr den Gewebsstoffwechsel, speziell der Leber, des Nervensystems und der Haut, ist. Vitamin B6 spielt eine wichtige Rolle beim Eiwei\u00dfaufbau und im Aminos\u00e4urestoffwechsel. Vor allem bei verst\u00e4rkter Proteinzufuhr z.B. beim Bodybuilding, kann der Bedarf an Vitamin B6 ansteigen. Vitamin B6 GPH Kapseln decken durch regelm\u00e4\u00dfige [&hellip;]<\/p>\n","protected":false},"featured_media":81076,"template":"","meta":{"_acf_changed":false},"product_brand":[371],"product_cat":[799],"product_tag":[],"class_list":{"0":"post-81074","1":"product","2":"type-product","3":"status-publish","4":"has-post-thumbnail","6":"product_brand-gall-pharma","7":"product_cat-v","8":"pa_packungsgroesse-90-stueck","10":"first","11":"instock","12":"shipping-taxable","13":"purchasable","14":"product-type-simple"},"acf":[],"_links":{"self":[{"href":"https:\/\/www.ernstbrunn-apotheke.at\/katalog\/wp-json\/wp\/v2\/product\/81074","targetHints":{"allow":["GET"]}}],"collection":[{"href":"https:\/\/www.ernstbrunn-apotheke.at\/katalog\/wp-json\/wp\/v2\/product"}],"about":[{"href":"https:\/\/www.ernstbrunn-apotheke.at\/katalog\/wp-json\/wp\/v2\/types\/product"}],"wp:featuredmedia":[{"embeddable":true,"href":"https:\/\/www.ernstbrunn-apotheke.at\/katalog\/wp-json\/wp\/v2\/media\/81076"}],"wp:attachment":[{"href":"https:\/\/www.ernstbrunn-apotheke.at\/katalog\/wp-json\/wp\/v2\/media?parent=81074"}],"wp:term":[{"taxonomy":"product_brand","embeddable":true,"href":"https:\/\/www.ernstbrunn-apotheke.at\/katalog\/wp-json\/wp\/v2\/product_brand?post=81074"},{"taxonomy":"product_cat","embeddable":true,"href":"https:\/\/www.ernstbrunn-apotheke.at\/katalog\/wp-json\/wp\/v2\/product_cat?post=81074"},{"taxonomy":"product_tag","embeddable":true,"href":"https:\/\/www.ernstbrunn-apotheke.at\/katalog\/wp-json\/wp\/v2\/product_tag?post=81074"}],"curies":[{"name":"wp","href":"https:\/\/api.w.org\/{rel}","templated":true}]}}