{"id":80953,"date":"2025-11-11T23:09:03","date_gmt":"2025-11-11T22:09:03","guid":{"rendered":"https:\/\/www.ernstbrunn-apotheke.at\/katalog\/produkt\/ubiquinol-50mg-kapseln-3\/"},"modified":"2025-12-08T19:16:02","modified_gmt":"2025-12-08T18:16:02","slug":"ubiquinol-50mg-kapseln-3","status":"publish","type":"product","link":"https:\/\/www.ernstbrunn-apotheke.at\/katalog\/produkt\/ubiquinol-50mg-kapseln-3\/","title":{"rendered":"Ubiquinol 50mg Kapseln"},"content":{"rendered":"<p>Ubiquinol 50 mg GPH Kapseln enthalten Ubiquinol in einer Weichgelatinekapsel, das den nat\u00fcrlichen Alterungsprozess des Organismus verlangsamt und die Leistungsf\u00e4higkeit durch optimierte Energiegewinnung erh\u00f6ht. Es unterst\u00fctzt die Herzleistung, ist wichtig f\u00fcr ein gesundes Blutdruckgeschehen und f\u00f6rdert die k\u00f6rpereigenen Ma\u00dfnahmen gegen vorzeitige Alterungsprozesse. Besonders empfehlenswert ist die Einnahme von Ubiquinol f\u00fcr Sportler, chronisch Kranke und Menschen ab dem 40. Lebensjahr. erhalten Sie dieses Produkt in Packungen zu 90 und 120 St\u00fcck.<\/p>\n","protected":false},"excerpt":{"rendered":"<p>Ubiquinol 50 mg GPH Kapseln enthalten Ubiquinol in einer Weichgelatinekapsel, das den nat\u00fcrlichen Alterungsprozess des Organismus verlangsamt und die Leistungsf\u00e4higkeit durch optimierte Energiegewinnung erh\u00f6ht. Es unterst\u00fctzt die Herzleistung, ist wichtig f\u00fcr ein gesundes Blutdruckgeschehen und f\u00f6rdert die k\u00f6rpereigenen Ma\u00dfnahmen gegen vorzeitige Alterungsprozesse. Besonders empfehlenswert ist die Einnahme von Ubiquinol f\u00fcr Sportler, chronisch Kranke und Menschen [&hellip;]<\/p>\n","protected":false},"featured_media":80955,"template":"","meta":{"_acf_changed":false},"product_brand":[371],"product_cat":[848],"product_tag":[],"class_list":{"0":"post-80953","1":"product","2":"type-product","3":"status-publish","4":"has-post-thumbnail","6":"product_brand-gall-pharma","7":"product_cat-u","8":"pa_packungsgroesse-90-stueck","10":"first","11":"instock","12":"shipping-taxable","13":"purchasable","14":"product-type-simple"},"acf":[],"_links":{"self":[{"href":"https:\/\/www.ernstbrunn-apotheke.at\/katalog\/wp-json\/wp\/v2\/product\/80953","targetHints":{"allow":["GET"]}}],"collection":[{"href":"https:\/\/www.ernstbrunn-apotheke.at\/katalog\/wp-json\/wp\/v2\/product"}],"about":[{"href":"https:\/\/www.ernstbrunn-apotheke.at\/katalog\/wp-json\/wp\/v2\/types\/product"}],"wp:featuredmedia":[{"embeddable":true,"href":"https:\/\/www.ernstbrunn-apotheke.at\/katalog\/wp-json\/wp\/v2\/media\/80955"}],"wp:attachment":[{"href":"https:\/\/www.ernstbrunn-apotheke.at\/katalog\/wp-json\/wp\/v2\/media?parent=80953"}],"wp:term":[{"taxonomy":"product_brand","embeddable":true,"href":"https:\/\/www.ernstbrunn-apotheke.at\/katalog\/wp-json\/wp\/v2\/product_brand?post=80953"},{"taxonomy":"product_cat","embeddable":true,"href":"https:\/\/www.ernstbrunn-apotheke.at\/katalog\/wp-json\/wp\/v2\/product_cat?post=80953"},{"taxonomy":"product_tag","embeddable":true,"href":"https:\/\/www.ernstbrunn-apotheke.at\/katalog\/wp-json\/wp\/v2\/product_tag?post=80953"}],"curies":[{"name":"wp","href":"https:\/\/api.w.org\/{rel}","templated":true}]}}