{"id":80843,"date":"2025-11-11T23:07:54","date_gmt":"2025-11-11T22:07:54","guid":{"rendered":"https:\/\/www.ernstbrunn-apotheke.at\/katalog\/produkt\/kneipp-maenner-mineralstoffe-brausetabletten-15-stk\/"},"modified":"2025-12-08T19:15:01","modified_gmt":"2025-12-08T18:15:01","slug":"kneipp-maenner-mineralstoffe-brausetabletten-15-stk","status":"publish","type":"product","link":"https:\/\/www.ernstbrunn-apotheke.at\/katalog\/produkt\/kneipp-maenner-mineralstoffe-brausetabletten-15-stk\/","title":{"rendered":"Kneipp M\u00e4nner Mineralstoffe Brausetabletten 15 Stk."},"content":{"rendered":"<p>Kneipp M\u00e4nner Mineralstoffe Brausetabletten 15 Stk. f\u00fcr Leistung, Energie, Muskeln und den Testosteronspiegel. Magnesium und Vitamin B12 tragen zu einem normalen Energiestoffwechsel und zur Verringerung von M\u00fcdigkeit und Erm\u00fcdung bei. Magnesium tr\u00e4gt zu einer normalen Muskelfunktion bei. Zink tr\u00e4gt zur Erhaltung eines normalen Testosteronspiegels im Blut bei. Selen tr\u00e4gt zu einer normalen Spermabildung und zu einer normalen Funktion des Immunsystems bei.<\/p>\n","protected":false},"excerpt":{"rendered":"<p>Kneipp M\u00e4nner Mineralstoffe Brausetabletten 15 Stk. f\u00fcr Leistung, Energie, Muskeln und den Testosteronspiegel. Magnesium und Vitamin B12 tragen zu einem normalen Energiestoffwechsel und zur Verringerung von M\u00fcdigkeit und Erm\u00fcdung bei. Magnesium tr\u00e4gt zu einer normalen Muskelfunktion bei. Zink tr\u00e4gt zur Erhaltung eines normalen Testosteronspiegels im Blut bei. Selen tr\u00e4gt zu einer normalen Spermabildung und zu [&hellip;]<\/p>\n","protected":false},"featured_media":80845,"template":"","meta":{"_acf_changed":false},"product_brand":[662],"product_cat":[807],"product_tag":[],"class_list":{"0":"post-80843","1":"product","2":"type-product","3":"status-publish","4":"has-post-thumbnail","6":"product_brand-kneipp","7":"product_cat-k","8":"pa_packungsgroesse-15-stueck","10":"first","11":"instock","12":"shipping-taxable","13":"purchasable","14":"product-type-simple"},"acf":[],"_links":{"self":[{"href":"https:\/\/www.ernstbrunn-apotheke.at\/katalog\/wp-json\/wp\/v2\/product\/80843","targetHints":{"allow":["GET"]}}],"collection":[{"href":"https:\/\/www.ernstbrunn-apotheke.at\/katalog\/wp-json\/wp\/v2\/product"}],"about":[{"href":"https:\/\/www.ernstbrunn-apotheke.at\/katalog\/wp-json\/wp\/v2\/types\/product"}],"wp:featuredmedia":[{"embeddable":true,"href":"https:\/\/www.ernstbrunn-apotheke.at\/katalog\/wp-json\/wp\/v2\/media\/80845"}],"wp:attachment":[{"href":"https:\/\/www.ernstbrunn-apotheke.at\/katalog\/wp-json\/wp\/v2\/media?parent=80843"}],"wp:term":[{"taxonomy":"product_brand","embeddable":true,"href":"https:\/\/www.ernstbrunn-apotheke.at\/katalog\/wp-json\/wp\/v2\/product_brand?post=80843"},{"taxonomy":"product_cat","embeddable":true,"href":"https:\/\/www.ernstbrunn-apotheke.at\/katalog\/wp-json\/wp\/v2\/product_cat?post=80843"},{"taxonomy":"product_tag","embeddable":true,"href":"https:\/\/www.ernstbrunn-apotheke.at\/katalog\/wp-json\/wp\/v2\/product_tag?post=80843"}],"curies":[{"name":"wp","href":"https:\/\/api.w.org\/{rel}","templated":true}]}}