{"id":80360,"date":"2025-11-11T22:52:21","date_gmt":"2025-11-11T21:52:21","guid":{"rendered":"https:\/\/www.ernstbrunn-apotheke.at\/katalog\/produkt\/fitfeel-good-drink-rote-beeren-joghurt-430-g\/"},"modified":"2025-12-08T19:11:59","modified_gmt":"2025-12-08T18:11:59","slug":"fitfeel-good-drink-rote-beeren-joghurt-430-g","status":"publish","type":"product","link":"https:\/\/www.ernstbrunn-apotheke.at\/katalog\/produkt\/fitfeel-good-drink-rote-beeren-joghurt-430-g\/","title":{"rendered":"Fit+Feel Good Drink Rote Beeren-Joghurt 430 g"},"content":{"rendered":"<p>Guterrat Gesundheitsprodukte ist ein \u00f6sterreichisches Gesundheitsunternehmen, das sich auf die Vermarktung von pflanzlichen Gesundheitsprodukten spezialisiert hat. Der Schwerpunkt liegt dabei auf Naturrezepte von klein- und mittelst\u00e4ndischen Herstellern, die traditionelles Pflanzenwissen mit zeitgem\u00e4\u00e1er Forschung kombinineren. Eigenen Pflanzenzchtungen, Anbau, Laborkontrolle und Hersteller sind Bestandteil deren Selbstverst\u00e4ndnisses, ein \u00f6kologischer Anbau der Heilpflanzen wird nach M\u00f6glichkeit immer der Vorzug gegeben.<\/p>\n","protected":false},"excerpt":{"rendered":"<p>Guterrat Gesundheitsprodukte ist ein \u00f6sterreichisches Gesundheitsunternehmen, das sich auf die Vermarktung von pflanzlichen Gesundheitsprodukten spezialisiert hat. Der Schwerpunkt liegt dabei auf Naturrezepte von klein- und mittelst\u00e4ndischen Herstellern, die traditionelles Pflanzenwissen mit zeitgem\u00e4\u00e1er Forschung kombinineren. Eigenen Pflanzenzchtungen, Anbau, Laborkontrolle und Hersteller sind Bestandteil deren Selbstverst\u00e4ndnisses, ein \u00f6kologischer Anbau der Heilpflanzen wird nach M\u00f6glichkeit immer der Vorzug [&hellip;]<\/p>\n","protected":false},"featured_media":80362,"template":"","meta":{"_acf_changed":false},"product_brand":[],"product_cat":[809],"product_tag":[],"class_list":{"0":"post-80360","1":"product","2":"type-product","3":"status-publish","4":"has-post-thumbnail","6":"product_cat-f","7":"pa_geschmack-rotebeere-joghurt","8":"pa_packungsgroesse-396g","10":"first","11":"instock","12":"shipping-taxable","13":"purchasable","14":"product-type-simple"},"acf":[],"_links":{"self":[{"href":"https:\/\/www.ernstbrunn-apotheke.at\/katalog\/wp-json\/wp\/v2\/product\/80360","targetHints":{"allow":["GET"]}}],"collection":[{"href":"https:\/\/www.ernstbrunn-apotheke.at\/katalog\/wp-json\/wp\/v2\/product"}],"about":[{"href":"https:\/\/www.ernstbrunn-apotheke.at\/katalog\/wp-json\/wp\/v2\/types\/product"}],"wp:featuredmedia":[{"embeddable":true,"href":"https:\/\/www.ernstbrunn-apotheke.at\/katalog\/wp-json\/wp\/v2\/media\/80362"}],"wp:attachment":[{"href":"https:\/\/www.ernstbrunn-apotheke.at\/katalog\/wp-json\/wp\/v2\/media?parent=80360"}],"wp:term":[{"taxonomy":"product_brand","embeddable":true,"href":"https:\/\/www.ernstbrunn-apotheke.at\/katalog\/wp-json\/wp\/v2\/product_brand?post=80360"},{"taxonomy":"product_cat","embeddable":true,"href":"https:\/\/www.ernstbrunn-apotheke.at\/katalog\/wp-json\/wp\/v2\/product_cat?post=80360"},{"taxonomy":"product_tag","embeddable":true,"href":"https:\/\/www.ernstbrunn-apotheke.at\/katalog\/wp-json\/wp\/v2\/product_tag?post=80360"}],"curies":[{"name":"wp","href":"https:\/\/api.w.org\/{rel}","templated":true}]}}