{"id":80237,"date":"2025-11-11T22:49:18","date_gmt":"2025-11-11T21:49:18","guid":{"rendered":"https:\/\/www.ernstbrunn-apotheke.at\/katalog\/produkt\/australische-buschbluetenessenz-sturt-desert-rose-15-ml\/"},"modified":"2025-12-08T19:11:10","modified_gmt":"2025-12-08T18:11:10","slug":"australische-buschbluetenessenz-sturt-desert-rose-15-ml","status":"publish","type":"product","link":"https:\/\/www.ernstbrunn-apotheke.at\/katalog\/produkt\/australische-buschbluetenessenz-sturt-desert-rose-15-ml\/","title":{"rendered":"Australische Buschbl\u00fctenessenz Sturt Desert Rose 15 ml"},"content":{"rendered":"<p>Australische Buschbl\u00fctenessenz Sturt Desert Rose hilft inneren \u00dcberzeugungen und Moralvorstellungen nachzugeben und durchzuhalten bei dem, was zu tun ist. Bei Menschen, die ehrlich sich selbst gegen\u00fcber sind, k\u00f6nnen Gef\u00fchle der Reue oder Gewissensbisse entstehen. Diese Bl\u00fcte kann jene Selbstachtung wiederherstellen, die durch fr\u00fchere Handlungen angeschlagen war.<\/p>\n","protected":false},"excerpt":{"rendered":"<p>Australische Buschbl\u00fctenessenz Sturt Desert Rose hilft inneren \u00dcberzeugungen und Moralvorstellungen nachzugeben und durchzuhalten bei dem, was zu tun ist. Bei Menschen, die ehrlich sich selbst gegen\u00fcber sind, k\u00f6nnen Gef\u00fchle der Reue oder Gewissensbisse entstehen. Diese Bl\u00fcte kann jene Selbstachtung wiederherstellen, die durch fr\u00fchere Handlungen angeschlagen war.<\/p>\n","protected":false},"featured_media":0,"template":"","meta":{"_acf_changed":false},"product_brand":[930],"product_cat":[801],"product_tag":[],"class_list":{"0":"post-80237","1":"product","2":"type-product","3":"status-publish","5":"product_brand-australische-buschblueten","6":"product_cat-a","7":"pa_packungsgroesse-15ml","9":"first","10":"instock","11":"shipping-taxable","12":"purchasable","13":"product-type-simple"},"acf":[],"_links":{"self":[{"href":"https:\/\/www.ernstbrunn-apotheke.at\/katalog\/wp-json\/wp\/v2\/product\/80237","targetHints":{"allow":["GET"]}}],"collection":[{"href":"https:\/\/www.ernstbrunn-apotheke.at\/katalog\/wp-json\/wp\/v2\/product"}],"about":[{"href":"https:\/\/www.ernstbrunn-apotheke.at\/katalog\/wp-json\/wp\/v2\/types\/product"}],"wp:attachment":[{"href":"https:\/\/www.ernstbrunn-apotheke.at\/katalog\/wp-json\/wp\/v2\/media?parent=80237"}],"wp:term":[{"taxonomy":"product_brand","embeddable":true,"href":"https:\/\/www.ernstbrunn-apotheke.at\/katalog\/wp-json\/wp\/v2\/product_brand?post=80237"},{"taxonomy":"product_cat","embeddable":true,"href":"https:\/\/www.ernstbrunn-apotheke.at\/katalog\/wp-json\/wp\/v2\/product_cat?post=80237"},{"taxonomy":"product_tag","embeddable":true,"href":"https:\/\/www.ernstbrunn-apotheke.at\/katalog\/wp-json\/wp\/v2\/product_tag?post=80237"}],"curies":[{"name":"wp","href":"https:\/\/api.w.org\/{rel}","templated":true}]}}