{"id":80085,"date":"2025-11-11T22:47:13","date_gmt":"2025-11-11T21:47:13","guid":{"rendered":"https:\/\/www.ernstbrunn-apotheke.at\/katalog\/produkt\/australische-buschbluetenessenz-paw-paw-15-ml\/"},"modified":"2025-12-08T19:10:15","modified_gmt":"2025-12-08T18:10:15","slug":"australische-buschbluetenessenz-paw-paw-15-ml","status":"publish","type":"product","link":"https:\/\/www.ernstbrunn-apotheke.at\/katalog\/produkt\/australische-buschbluetenessenz-paw-paw-15-ml\/","title":{"rendered":"Australische Buschbl\u00fctenessenz Paw Paw 15 ml"},"content":{"rendered":"<p>Australische Buschbl\u00fctenessenz Paw Paw sollte bei Unf\u00e4higkeit zur Probleml\u00f6sung eingenommen werden. Sie aktiviert das h\u00f6here Selbst, das die Antworten auf all unsere Fragen birgt. Die Last des Problems wird erleichtert, da Paw Paw die Intuition anregt.<\/p>\n","protected":false},"excerpt":{"rendered":"<p>Australische Buschbl\u00fctenessenz Paw Paw sollte bei Unf\u00e4higkeit zur Probleml\u00f6sung eingenommen werden. Sie aktiviert das h\u00f6here Selbst, das die Antworten auf all unsere Fragen birgt. Die Last des Problems wird erleichtert, da Paw Paw die Intuition anregt.<\/p>\n","protected":false},"featured_media":0,"template":"","meta":{"_acf_changed":false},"product_brand":[930],"product_cat":[801],"product_tag":[],"class_list":{"0":"post-80085","1":"product","2":"type-product","3":"status-publish","5":"product_brand-australische-buschblueten","6":"product_cat-a","7":"pa_packungsgroesse-15ml","9":"first","10":"instock","11":"shipping-taxable","12":"purchasable","13":"product-type-simple"},"acf":[],"_links":{"self":[{"href":"https:\/\/www.ernstbrunn-apotheke.at\/katalog\/wp-json\/wp\/v2\/product\/80085","targetHints":{"allow":["GET"]}}],"collection":[{"href":"https:\/\/www.ernstbrunn-apotheke.at\/katalog\/wp-json\/wp\/v2\/product"}],"about":[{"href":"https:\/\/www.ernstbrunn-apotheke.at\/katalog\/wp-json\/wp\/v2\/types\/product"}],"wp:attachment":[{"href":"https:\/\/www.ernstbrunn-apotheke.at\/katalog\/wp-json\/wp\/v2\/media?parent=80085"}],"wp:term":[{"taxonomy":"product_brand","embeddable":true,"href":"https:\/\/www.ernstbrunn-apotheke.at\/katalog\/wp-json\/wp\/v2\/product_brand?post=80085"},{"taxonomy":"product_cat","embeddable":true,"href":"https:\/\/www.ernstbrunn-apotheke.at\/katalog\/wp-json\/wp\/v2\/product_cat?post=80085"},{"taxonomy":"product_tag","embeddable":true,"href":"https:\/\/www.ernstbrunn-apotheke.at\/katalog\/wp-json\/wp\/v2\/product_tag?post=80085"}],"curies":[{"name":"wp","href":"https:\/\/api.w.org\/{rel}","templated":true}]}}