{"id":79957,"date":"2025-11-11T22:44:27","date_gmt":"2025-11-11T21:44:27","guid":{"rendered":"https:\/\/www.ernstbrunn-apotheke.at\/katalog\/produkt\/moelnlycke-mepilex-ag-verband-steril-5-stk-15-x-15-cm\/"},"modified":"2025-12-08T19:09:28","modified_gmt":"2025-12-08T18:09:28","slug":"moelnlycke-mepilex-ag-verband-steril-5-stk-15-x-15-cm","status":"publish","type":"product","link":"https:\/\/www.ernstbrunn-apotheke.at\/katalog\/produkt\/moelnlycke-mepilex-ag-verband-steril-5-stk-15-x-15-cm\/","title":{"rendered":"M\u00f6lnlycke Mepilex AG Verband steril  5 Stk. 15 x 15 cm"},"content":{"rendered":"<p>Mepilex\u00ae Ag ist ein Schaumverband f\u00fcr m\u00e4\u00dfig exsudierende chronische oder akute Wunden, wie ven\u00f6se Beingeschw\u00fcre oder Verbrennungen, bei denen Anzeichen einer Infektion vorliegen. Infizierte Wunden sind schmerzhafte Wunden, die bestm\u00f6glich behandelt werden m\u00fcssen. Um sicherzustellen, dass Schmerzen beim Verbandwechsel minimiert werden, haftet Mepilex Ag der sanften Safetac\u00ae Technologie.<\/p>\n","protected":false},"excerpt":{"rendered":"<p>Mepilex\u00ae Ag ist ein Schaumverband f\u00fcr m\u00e4\u00dfig exsudierende chronische oder akute Wunden, wie ven\u00f6se Beingeschw\u00fcre oder Verbrennungen, bei denen Anzeichen einer Infektion vorliegen. Infizierte Wunden sind schmerzhafte Wunden, die bestm\u00f6glich behandelt werden m\u00fcssen. Um sicherzustellen, dass Schmerzen beim Verbandwechsel minimiert werden, haftet Mepilex Ag der sanften Safetac\u00ae Technologie.<\/p>\n","protected":false},"featured_media":79959,"template":"","meta":{"_acf_changed":false},"product_brand":[],"product_cat":[800],"product_tag":[],"class_list":{"0":"post-79957","1":"product","2":"type-product","3":"status-publish","4":"has-post-thumbnail","6":"product_cat-m","7":"pa_packungsgroesse-5-stueck","9":"first","10":"instock","11":"shipping-taxable","12":"purchasable","13":"product-type-simple"},"acf":[],"_links":{"self":[{"href":"https:\/\/www.ernstbrunn-apotheke.at\/katalog\/wp-json\/wp\/v2\/product\/79957","targetHints":{"allow":["GET"]}}],"collection":[{"href":"https:\/\/www.ernstbrunn-apotheke.at\/katalog\/wp-json\/wp\/v2\/product"}],"about":[{"href":"https:\/\/www.ernstbrunn-apotheke.at\/katalog\/wp-json\/wp\/v2\/types\/product"}],"wp:featuredmedia":[{"embeddable":true,"href":"https:\/\/www.ernstbrunn-apotheke.at\/katalog\/wp-json\/wp\/v2\/media\/79959"}],"wp:attachment":[{"href":"https:\/\/www.ernstbrunn-apotheke.at\/katalog\/wp-json\/wp\/v2\/media?parent=79957"}],"wp:term":[{"taxonomy":"product_brand","embeddable":true,"href":"https:\/\/www.ernstbrunn-apotheke.at\/katalog\/wp-json\/wp\/v2\/product_brand?post=79957"},{"taxonomy":"product_cat","embeddable":true,"href":"https:\/\/www.ernstbrunn-apotheke.at\/katalog\/wp-json\/wp\/v2\/product_cat?post=79957"},{"taxonomy":"product_tag","embeddable":true,"href":"https:\/\/www.ernstbrunn-apotheke.at\/katalog\/wp-json\/wp\/v2\/product_tag?post=79957"}],"curies":[{"name":"wp","href":"https:\/\/api.w.org\/{rel}","templated":true}]}}